(13841,383,1,78.000,0,3111,'تعديل Ùاتورة مبيعات','sellbillController.php',-840.00,-762.000,1,'2026-01-10',0,0,0),
(13842,434,1,90.000,1,3114,'اضاÙة Ùاتورة مبيعات (معدله)','sellbillController.php',-632.00,-722.000,1,'2026-01-10',0,0,0),
(13843,431,1,168.000,1,3114,'اضاÙة Ùاتورة مبيعات (معدله)','sellbillController.php',-588.00,-756.000,1,'2026-01-10',0,0,0),
(13844,412,1,180.000,1,3114,'اضاÙة Ùاتورة مبيعات (معدله)','sellbillController.php',-1873.00,-2053.000,1,'2026-01-10',0,0,0),
(13845,417,1,216.000,1,3114,'اضاÙة Ùاتورة مبيعات (معدله)','sellbillController.php',-1808.00,-2024.000,1,'2026-01-10',0,0,0),
(13846,173,1,180.000,1,3114,'اضاÙة Ùاتورة مبيعات (معدله)','sellbillController.php',-12510.00,-12690.000,1,'2026-01-10',0,0,0),
(13847,284,1,172.000,1,3114,'اضاÙة Ùاتورة مبيعات (معدله)','sellbillController.php',-7619.00,-7791.000,1,'2026-01-10',0,0,0),
(13848,432,1,90.000,1,3114,'اضاÙة Ùاتورة مبيعات (معدله)','sellbillController.php',-678.00,-768.000,1,'2026-01-10',0,0,0),
(13849,409,1,80.000,1,3114,'اضاÙة Ùاتورة مبيعات (معدله)','sellbillController.php',-1261.00,-1341.000,1,'2026-01-10',0,0,0),
(13850,143,1,108.000,1,3114,'اضاÙة Ùاتورة مبيعات (معدله)','sellbillController.php',-13153.00,-13261.000,1,'2026-01-10',0,0,0),
(13851,408,1,102.000,1,3114,'اضاÙة Ùاتورة مبيعات (معدله)','sellbillController.php',-1224.00,-1326.000,1,'2026-01-10',0,0,0),
(13852,373,1,96.000,1,3114,'اضاÙة Ùاتورة مبيعات (معدله)','sellbillController.php',-409.00,-505.000,1,'2026-01-10',0,0,0),
(13853,434,1,90.000,1,3114,'اضاÙة Ùاتورة مبيعات (معدله)','sellbillController.php',-722.00,-812.000,1,'2026-01-10',0,0,0),
(13854,368,1,85.000,1,3114,'اضاÙة Ùاتورة مبيعات (معدله)','sellbillController.php',-2249.00,-2334.000,1,'2026-01-10',0,0,0),
(13855,383,1,78.000,1,3114,'اضاÙة Ùاتورة مبيعات (معدله)','sellbillController.php',-762.00,-840.000,1,'2026-01-10',0,0,0),
(13856,434,1,362.000,0,3112,'تعديل Ùاتورة مبيعات','sellbillController.php',-812.00,-450.000,1,'2026-01-10',0,0,0),
(13857,434,1,362.000,1,3115,'اضاÙة Ùاتورة مبيعات (معدله)','sellbillController.php',-450.00,-812.000,1,'2026-01-10',0,0,0),
(13858,434,1,90.000,0,3113,'تعديل Ùاتورة مبيعات','sellbillController.php',-812.00,-722.000,1,'2026-01-10',0,0,0),
(13859,434,1,90.000,1,3116,'اضاÙة Ùاتورة مبيعات (معدله)','sellbillController.php',-722.00,-812.000,1,'2026-01-10',0,0,0),
(13860,434,1,90.000,0,3114,'تعديل Ùاتورة مبيعات','sellbillController.php',-812.00,-722.000,1,'2026-01-10',0,0,0),
(13861,431,1,168.000,0,3114,'تعديل Ùاتورة مبيعات','sellbillController.php',-756.00,-588.000,1,'2026-01-10',0,0,0),
(13862,412,1,180.000,0,3114,'تعديل Ùاتورة مبيعات','sellbillController.php',-2053.00,-1873.000,1,'2026-01-10',0,0,0),
(13863,417,1,216.000,0,3114,'تعديل Ùاتورة مبيعات','sellbillController.php',-2024.00,-1808.000,1,'2026-01-10',0,0,0),
(13864,173,1,180.000,0,3114,'تعديل Ùاتورة مبيعات','sellbillController.php',-12690.00,-12510.000,1,'2026-01-10',0,0,0),
(13865,284,1,172.000,0,3114,'تعديل Ùاتورة مبيعات','sellbillController.php',-7791.00,-7619.000,1,'2026-01-10',0,0,0),
(13866,432,1,90.000,0,3114,'تعديل Ùاتورة مبيعات','sellbillController.php',-768.00,-678.000,1,'2026-01-10',0,0,0),
(13867,409,1,80.000,0,3114,'تعديل Ùاتورة مبيعات','sellbillController.php',-1341.00,-1261.000,1,'2026-01-10',0,0,0),
(13868,143,1,108.000,0,3114,'تعديل Ùاتورة مبيعات','sellbillController.php',-13261.00,-13153.000,1,'2026-01-10',0,0,0),
(13869,408,1,102.000,0,3114,'تعديل Ùاتورة مبيعات','sellbillController.php',-1326.00,-1224.000,1,'2026-01-10',0,0,0),
(13870,373,1,96.000,0,3114,'تعديل Ùاتورة مبيعات','sellbillController.php',-505.00,-409.000,1,'2026-01-10',0,0,0),
(13871,434,1,90.000,0,3114,'تعديل Ùاتورة مبيعات','sellbillController.php',-722.00,-632.000,1,'2026-01-10',0,0,0),
(13872,368,1,85.000,0,3114,'تعديل Ùاتورة مبيعات','sellbillController.php',-2334.00,-2249.000,1,'2026-01-10',0,0,0),
(13873,383,1,78.000,0,3114,'تعديل Ùاتورة مبيعات','sellbillController.php',-840.00,-762.000,1,'2026-01-10',0,0,0),
(13874,434,1,90.000,1,3117,'اضاÙة Ùاتورة مبيعات (معدله)','sellbillController.php',-632.00,-722.000,1,'2026-01-10',0,0,0),
(13875,431,1,168.000,1,3117,'اضاÙة Ùاتورة مبيعات (معدله)','sellbillController.php',-588.00,-756.000,1,'2026-01-10',0,0,0),
(13876,412,1,180.000,1,3117,'اضاÙة Ùاتورة مبيعات (معدله)','sellbillController.php',-1873.00,-2053.000,1,'2026-01-10',0,0,0),
(13877,417,1,216.000,1,3117,'اضاÙة Ùاتورة مبيعات (معدله)','sellbillController.php',-1808.00,-2024.000,1,'2026-01-10',0,0,0),
(13878,173,1,180.000,1,3117,'اضاÙة Ùاتورة مبيعات (معدله)','sellbillController.php',-12510.00,-12690.000,1,'2026-01-10',0,0,0),
(13879,284,1,172.000,1,3117,'اضاÙة Ùاتورة مبيعات (معدله)','sellbillController.php',-7619.00,-7791.000,1,'2026-01-10',0,0,0),
(13880,432,1,90.000,1,3117,'اضاÙة Ùاتورة مبيعات (معدله)','sellbillController.php',-678.00,-768.000,1,'2026-01-10',0,0,0),
(13881,409,1,80.000,1,3117,'اضاÙة Ùاتورة مبيعات (معدله)','sellbillController.php',-1261.00,-1341.000,1,'2026-01-10',0,0,0),
(13882,143,1,108.000,1,3117,'اضاÙة Ùاتورة مبيعات (معدله)','sellbillController.php',-13153.00,-13261.000,1,'2026-01-10',0,0,0),
(13883,408,1,102.000,1,3117,'اضاÙة Ùاتورة مبيعات (معدله)','sellbillController.php',-1224.00,-1326.000,1,'2026-01-10',0,0,0),
(13884,373,1,96.000,1,3117,'اضاÙة Ùاتورة مبيعات (معدله)','sellbillController.php',-409.00,-505.000,1,'2026-01-10',0,0,0),
(13885,434,1,90.000,1,3117,'اضاÙة Ùاتورة مبيعات (معدله)','sellbillController.php',-722.00,-812.000,1,'2026-01-10',0,0,0),
(13886,368,1,85.000,1,3117,'اضاÙة Ùاتورة مبيعات (معدله)','sellbillController.php',-2249.00,-2334.000,1,'2026-01-10',0,0,0),
(13887,383,1,78.000,1,3117,'اضاÙة Ùاتورة مبيعات (معدله)','sellbillController.php',-762.00,-840.000,1,'2026-01-10',0,0,0),
(13888,434,1,362.000,0,3115,'تعديل Ùاتورة مبيعات','sellbillController.php',-812.00,-450.000,1,'2026-01-10',0,0,0),
(13889,434,1,182.000,1,3118,'اضاÙة Ùاتورة مبيعات (معدله)','sellbillController.php',-450.00,-632.000,1,'2026-01-10',0,0,0),
(13890,429,1,180.000,1,3118,'اضاÙة Ùاتورة مبيعات (معدله)','sellbillController.php',-1526.00,-1706.000,1,'2026-01-10',0,0,0),
(13891,434,1,90.000,0,3116,'تعديل Ùاتورة مبيعات','sellbillController.php',-632.00,-542.000,1,'2026-01-10',0,0,0),
(13892,429,1,90.000,1,3119,'اضاÙة Ùاتورة مبيعات (معدله)','sellbillController.php',-1706.00,-1796.000,1,'2026-01-10',0,0,0),
(13893,143,1,108.000,1,3120,'اضاÙة Ùاتورة مبيعات','sellbillController.php',-13261.00,-13369.000,1,'2026-01-11',0,0,0),
(13894,435,1,179.000,1,3120,'اضاÙة Ùاتورة مبيعات','sellbillController.php',-90.00,-269.000,1,'2026-01-11',0,0,0),
(13895,412,1,108.000,1,3120,'اضاÙة Ùاتورة مبيعات','sellbillController.php',-2053.00,-2161.000,1,'2026-01-11',0,0,0),
(13896,426,1,68.000,1,3120,'اضاÙة Ùاتورة مبيعات','sellbillController.php',-300.00,-368.000,1,'2026-01-11',0,0,0),
(13897,425,1,82.000,1,3120,'اضاÙة Ùاتورة مبيعات','sellbillController.php',-658.00,-740.000,1,'2026-01-11',0,0,0),
(13898,431,1,80.000,1,3120,'اضاÙة Ùاتورة مبيعات','sellbillController.php',-756.00,-836.000,1,'2026-01-11',0,0,0),
(13899,284,1,84.000,1,3120,'اضاÙة Ùاتورة مبيعات','sellbillController.php',-7791.00,-7875.000,1,'2026-01-11',0,0,0),
(13900,417,1,108.000,1,3120,'اضاÙة Ùاتورة مبيعات','sellbillController.php',-2024.00,-2132.000,1,'2026-01-11',0,0,0),
(13901,34,1,108.000,1,3120,'اضاÙة Ùاتورة مبيعات','sellbillController.php',-6583.00,-6691.000,1,'2026-01-11',0,0,0),
(13902,15,1,126.000,1,3120,'اضاÙة Ùاتورة مبيعات','sellbillController.php',-3813.00,-3939.000,1,'2026-01-11',0,0,0),
(13903,172,1,75.000,1,3121,'اضاÙة Ùاتورة مبيعات','sellbillController.php',-12350.00,-12425.000,1,'2026-01-11',0,0,0),
(13904,188,1,72.000,1,3121,'اضاÙة Ùاتورة مبيعات','sellbillController.php',-17269.00,-17341.000,1,'2026-01-11',0,0,0),
(13905,434,1,366.000,1,3122,'اضاÙة Ùاتورة مبيعات','sellbillController.php',-542.00,-908.000,1,'2026-01-12',0,0,0),
(13906,425,1,84.000,1,3123,'اضاÙة Ùاتورة مبيعات','sellbillController.php',-740.00,-824.000,1,'2026-01-12',0,0,0),
(13907,426,1,66.000,1,3123,'اضاÙة Ùاتورة مبيعات','sellbillController.php',-368.00,-434.000,1,'2026-01-12',0,0,0),
(13908,416,1,47.000,1,3123,'اضاÙة Ùاتورة مبيعات','sellbillController.php',-1046.00,-1093.000,1,'2026-01-12',0,0,0),
(13909,427,1,75.000,1,3124,'اضاÙة Ùاتورة مبيعات','sellbillController.php',-1170.00,-1245.000,1,'2026-01-13',0,0,0),
(13910,394,1,72.000,1,3124,'اضاÙة Ùاتورة مبيعات','sellbillController.php',0.00,-72.000,1,'2026-01-13',0,0,0),
(13911,383,1,78.000,1,3124,'اضاÙة Ùاتورة مبيعات','sellbillController.php',-840.00,-918.000,1,'2026-01-13',0,0,0),
(13912,431,1,84.000,1,3124,'اضاÙة Ùاتورة مبيعات','sellbillController.php',-836.00,-920.000,1,'2026-01-13',0,0,0),
(13913,336,1,576.000,1,3125,'اضاÙة Ùاتورة مبيعات','sellbillController.php',-2938.00,-3514.000,1,'2026-01-13',0,0,0),
(13914,432,1,91.000,1,3125,'اضاÙة Ùاتورة مبيعات','sellbillController.php',-768.00,-859.000,1,'2026-01-13',0,0,0),
(13915,436,1,0.000,0,436,'إضاÙة منتج','productController.php',0.00,0.000,1,'2026-01-13',0,0,0),
(13916,421,1,48.000,1,3126,'اضاÙة Ùاتورة مبيعات','sellbillController.php',-2908.00,-2956.000,1,'2026-01-13',0,0,0),
(13917,432,1,84.000,1,3126,'اضاÙة Ùاتورة مبيعات','sellbillController.php',-859.00,-943.000,1,'2026-01-13',0,0,0),
(13918,400,1,51.000,1,3126,'اضاÙة Ùاتورة مبيعات','sellbillController.php',-1242.00,-1293.000,1,'2026-01-13',0,0,0),
(13919,416,1,83.000,0,158,'اضاÙة Ùاتورة مردودات مبيعات','returnsellbillController.php',-1093.00,-1010.000,1,'2026-01-13',0,0,0),
(13920,436,1,100.000,1,3127,'اضاÙة Ùاتورة مبيعات','sellbillController.php',0.00,-100.000,1,'2026-01-13',0,0,0),
(13921,421,1,242.000,1,3127,'اضاÙة Ùاتورة مبيعات','sellbillController.php',-2956.00,-3198.000,1,'2026-01-13',0,0,0),
(13922,436,1,49.000,1,3128,'اضاÙة Ùاتورة مبيعات','sellbillController.php',-100.00,-149.000,1,'2026-01-13',0,0,0),
(13923,436,1,48.000,1,3129,'اضاÙة Ùاتورة مبيعات','sellbillController.php',-149.00,-197.000,1,'2026-01-13',0,0,0),
(13924,436,1,98.000,1,3130,'اضاÙة Ùاتورة مبيعات','sellbillController.php',-197.00,-295.000,1,'2026-01-13',0,0,0),
(13925,421,1,96.000,1,3130,'اضاÙة Ùاتورة مبيعات','sellbillController.php',-3198.00,-3294.000,1,'2026-01-13',0,0,0),
(13926,336,1,81.000,1,3130,'اضاÙة Ùاتورة مبيعات','sellbillController.php',-3514.00,-3595.000,1,'2026-01-13',0,0,0),
(13927,421,1,50.000,1,3131,'اضاÙة Ùاتورة مبيعات','sellbillController.php',-3294.00,-3344.000,1,'2026-01-13',0,0,0),
(13928,389,1,170.000,1,3131,'اضاÙة Ùاتورة مبيعات','sellbillController.php',-523.00,-693.000,1,'2026-01-13',0,0,0),
(13929,421,1,48.000,1,3132,'اضاÙة Ùاتورة مبيعات','sellbillController.php',-3344.00,-3392.000,1,'2026-01-13',0,0,0),
(13930,371,1,85.000,1,3132,'اضاÙة Ùاتورة مبيعات','sellbillController.php',-4060.00,-4145.000,1,'2026-01-13',0,0,0),
(13931,431,1,84.000,1,3132,'اضاÙة Ùاتورة مبيعات','sellbillController.php',-920.00,-1004.000,1,'2026-01-13',0,0,0),
(13932,143,1,108.000,1,3132,'اضاÙة Ùاتورة مبيعات','sellbillController.php',-13369.00,-13477.000,1,'2026-01-13',0,0,0),
(13933,408,1,102.000,1,3133,'اضاÙة Ùاتورة مبيعات','sellbillController.php',-1326.00,-1428.000,1,'2026-01-13',0,0,0),
(13934,412,1,108.000,1,3133,'اضاÙة Ùاتورة مبيعات','sellbillController.php',-2161.00,-2269.000,1,'2026-01-13',0,0,0),
(13935,284,1,168.000,1,3133,'اضاÙة Ùاتورة مبيعات','sellbillController.php',-7875.00,-8043.000,1,'2026-01-13',0,0,0),
(13936,421,1,48.000,1,3134,'اضاÙة Ùاتورة مبيعات','sellbillController.php',-3392.00,-3440.000,1,'2026-01-13',0,0,0),
(13937,408,1,102.000,1,3134,'اضاÙة Ùاتورة مبيعات','sellbillController.php',-1428.00,-1530.000,1,'2026-01-13',0,0,0),
(13938,383,1,78.000,0,159,'اضاÙة Ùاتورة مردودات مبيعات','returnsellbillController.php',-918.00,-840.000,1,'2026-01-13',0,0,0),
(13939,394,1,72.000,1,3135,'اضاÙة Ùاتورة مبيعات','sellbillController.php',-72.00,-144.000,1,'2026-01-13',0,0,0);

--
-- Table structure for table `studentabsences`
--

CREATE TABLE `studentabsences` (
  `id` int(11) NOT NULL AUTO_INCREMENT,
  `onlys` int(11) unsigned DEFAULT NULL,
  `del` int(11) unsigned DEFAULT NULL,
  `arrivedtime` int(11) unsigned DEFAULT NULL,
  `addtoday` datetime DEFAULT NULL,
  `adduserid` double DEFAULT NULL,
  `uniqid` int(11) unsigned DEFAULT NULL,
  `studentid` varchar(191) CHARACTER SET utf8mb4 COLLATE utf8mb4_unicode_ci DEFAULT NULL,
  `todaysend` date DEFAULT NULL,
  `timesend` varchar(191) CHARACTER SET utf8mb4 COLLATE utf8mb4_unicode_ci DEFAULT NULL,
  `type` varchar(191) CHARACTER SET utf8mb4 COLLATE utf8mb4_unicode_ci DEFAULT NULL,
  `deviceid` varchar(191) CHARACTER SET utf8mb4 COLLATE utf8mb4_unicode_ci DEFAULT NULL,
  `status` int(11) unsigned DEFAULT NULL,
  `studentsubjectid` int(11) unsigned DEFAULT NULL,
  `studentsubjectgroupid` int(11) unsigned DEFAULT NULL,
  `studentaddsubjectid` int(11) unsigned DEFAULT NULL,
  `studentaddsubjectdetailid` int(11) unsigned DEFAULT NULL,
  `deltoday` datetime DEFAULT NULL,
  `deluserid` double DEFAULT NULL,
  PRIMARY KEY (`id`)
) ENGINE=InnoDB DEFAULT CHARSET=utf8mb3 COLLATE=utf8mb3_general_ci;

--
-- Dumping data for table `studentabsences`
--


--
-- Table structure for table `studentaddsubjectdetails`
--

CREATE TABLE `studentaddsubjectdetails` (
  `id` int(11) NOT NULL AUTO_INCREMENT,
  `del` int(11) unsigned DEFAULT NULL,
  `addtoday` datetime DEFAULT NULL,
  `adduserid` double DEFAULT NULL,
  `studentid` int(11) unsigned DEFAULT NULL,
  `studentsubjectid` int(11) unsigned DEFAULT NULL,
  `studentsubjectgroupid` int(11) unsigned DEFAULT NULL,
  `studentaddsubjectid` int(11) unsigned DEFAULT NULL,
  `deltoday` varchar(191) CHARACTER SET utf8mb4 COLLATE utf8mb4_unicode_ci DEFAULT NULL,
  `deluserid` varchar(191) CHARACTER SET utf8mb4 COLLATE utf8mb4_unicode_ci DEFAULT NULL,
  `studentname` varchar(191) CHARACTER SET utf8mb4 COLLATE utf8mb4_unicode_ci DEFAULT NULL,
  `studentphone` int(11) unsigned DEFAULT NULL,
  `deviceid` varchar(191) CHARACTER SET utf8mb4 COLLATE utf8mb4_unicode_ci DEFAULT NULL,
  `subjectname` varchar(191) CHARACTER SET utf8mb4 COLLATE utf8mb4_unicode_ci DEFAULT NULL,
  `subjectprice` tinyint(1) unsigned DEFAULT NULL,
  `subjectgroupname` varchar(191) CHARACTER SET utf8mb4 COLLATE utf8mb4_unicode_ci DEFAULT NULL,
  `subjectgroupprice` int(11) unsigned DEFAULT NULL,
  PRIMARY KEY (`id`)
) ENGINE=InnoDB DEFAULT CHARSET=utf8mb3 COLLATE=utf8mb3_general_ci;

--
-- Dumping data for table `studentaddsubjectdetails`
--


--
-- Table structure for table `studentaddsubjects`
--

CREATE TABLE `studentaddsubjects` (
  `id` int(11) NOT NULL AUTO_INCREMENT,
  `del` int(11) unsigned DEFAULT NULL,
  `addtoday` datetime DEFAULT NULL,
  `adduserid` double DEFAULT NULL,
  `deltoday` varchar(191) CHARACTER SET utf8mb4 COLLATE utf8mb4_unicode_ci DEFAULT NULL,
  `deluserid` varchar(191) CHARACTER SET utf8mb4 COLLATE utf8mb4_unicode_ci DEFAULT NULL,
  `studentsubjectid` int(11) unsigned DEFAULT NULL,
  `studentsubjectgroupid` int(11) unsigned DEFAULT NULL,
  `studentid` text CHARACTER SET utf8mb4 COLLATE utf8mb4_unicode_ci DEFAULT NULL,
  `deviceid` varchar(191) CHARACTER SET utf8mb4 COLLATE utf8mb4_unicode_ci DEFAULT NULL,
  PRIMARY KEY (`id`)
) ENGINE=InnoDB DEFAULT CHARSET=utf8mb3 COLLATE=utf8mb3_general_ci;

--
-- Dumping data for table `studentaddsubjects`
--


--
-- Table structure for table `students`
--

CREATE TABLE `students` (
  `id` int(11) NOT NULL AUTO_INCREMENT,
  `del` int(11) unsigned DEFAULT NULL,
  `addtoday` datetime DEFAULT NULL,
  `adduserid` double DEFAULT NULL,
  `deltoday` varchar(191) CHARACTER SET utf8mb4 COLLATE utf8mb4_unicode_ci DEFAULT NULL,
  `deluserid` varchar(191) CHARACTER SET utf8mb4 COLLATE utf8mb4_unicode_ci DEFAULT NULL,
  `studentname` varchar(191) CHARACTER SET utf8mb4 COLLATE utf8mb4_unicode_ci DEFAULT NULL,
  `studentdatebirth` double DEFAULT NULL,
  `studentnumber` double DEFAULT NULL,
  `idnumber` double DEFAULT NULL,
  `studentphone` double DEFAULT NULL,
  `parentsname` varchar(191) CHARACTER SET utf8mb4 COLLATE utf8mb4_unicode_ci DEFAULT NULL,
  `parentsphone` double DEFAULT NULL,
  `studentaddress` tinyint(1) unsigned DEFAULT NULL,
  `clientid` int(11) unsigned DEFAULT NULL,
  `branchid` double DEFAULT NULL,
  `studentimage` tinyint(1) unsigned DEFAULT NULL,
  `studentnote` tinyint(1) unsigned DEFAULT NULL,
  `studentaddsubjectid` tinyint(1) unsigned DEFAULT NULL,
  `studentsubjectid` tinyint(1) unsigned DEFAULT NULL,
  `studentsubjectgroupid` tinyint(1) unsigned DEFAULT NULL,
  `studentspaymentsystemid` tinyint(1) unsigned DEFAULT NULL,
  `studentaddsubjectdetailid` tinyint(1) unsigned DEFAULT NULL,
  `paymonths` int(11) unsigned DEFAULT NULL,
  `paytype` varchar(191) CHARACTER SET utf8mb4 COLLATE utf8mb4_unicode_ci DEFAULT NULL,
  `paytypenum` int(11) unsigned DEFAULT NULL,
  `payprice` int(11) unsigned DEFAULT NULL,
  `countmonths` tinyint(1) unsigned DEFAULT NULL,
  `newprice` tinyint(1) unsigned DEFAULT NULL,
  `paystartdate` date DEFAULT NULL,
  `payenddate` date DEFAULT NULL,
  `studentspayid` int(11) unsigned DEFAULT NULL,
  PRIMARY KEY (`id`)
) ENGINE=InnoDB DEFAULT CHARSET=utf8mb3 COLLATE=utf8mb3_general_ci;

--
-- Dumping data for table `students`
--


--
-- Table structure for table `studentsetting`
--

CREATE TABLE `studentsetting` (
  `id` int(11) NOT NULL AUTO_INCREMENT,
  `updateuserid` double DEFAULT NULL,
  `studentorplayer` tinyint(1) unsigned DEFAULT NULL,
  `paymentsystems1` int(11) unsigned DEFAULT NULL,
  `paymentsystems2` tinyint(1) unsigned DEFAULT NULL,
  `paymentsystems3` tinyint(1) unsigned DEFAULT NULL,
  `showdel` tinyint(1) unsigned DEFAULT NULL,
  PRIMARY KEY (`id`)
) ENGINE=InnoDB DEFAULT CHARSET=utf8mb3 COLLATE=utf8mb3_general_ci;

--
-- Dumping data for table `studentsetting`
--


--
-- Table structure for table `studentsexams`
--

CREATE TABLE `studentsexams` (
  `id` int(11) NOT NULL AUTO_INCREMENT,
  `deltoday` varchar(191) CHARACTER SET utf8mb4 COLLATE utf8mb4_unicode_ci DEFAULT NULL,
  `deluserid` varchar(191) CHARACTER SET utf8mb4 COLLATE utf8mb4_unicode_ci DEFAULT NULL,
  `del` int(11) unsigned DEFAULT NULL,
  `addtoday` datetime DEFAULT NULL,
  `adduserid` double DEFAULT NULL,
  `studentaddsubjectid` int(11) unsigned DEFAULT NULL,
  `studentsubjectid` int(11) unsigned DEFAULT NULL,
  `studentsubjectgroupid` int(11) unsigned DEFAULT NULL,
  `studentid` varchar(191) CHARACTER SET utf8mb4 COLLATE utf8mb4_unicode_ci DEFAULT NULL,
  `examname` varchar(191) CHARACTER SET utf8mb4 COLLATE utf8mb4_unicode_ci DEFAULT NULL,
  `greatdegree` int(11) unsigned DEFAULT NULL,
  `examsstudent` int(11) unsigned DEFAULT NULL,
  `updatetoday` datetime DEFAULT NULL,
  `updateuserid` double DEFAULT NULL,
  PRIMARY KEY (`id`)
) ENGINE=InnoDB DEFAULT CHARSET=utf8mb3 COLLATE=utf8mb3_general_ci;

--
-- Dumping data for table `studentsexams`
--


--
-- Table structure for table `studentsexamsval`
--

CREATE TABLE `studentsexamsval` (
  `id` int(11) NOT NULL AUTO_INCREMENT,
  `studentid` int(11) unsigned DEFAULT NULL,
  `examsvalue` varchar(191) CHARACTER SET utf8mb4 COLLATE utf8mb4_unicode_ci DEFAULT NULL,
  `examspresence` varchar(191) CHARACTER SET utf8mb4 COLLATE utf8mb4_unicode_ci DEFAULT NULL,
  `studentaddsubjectid` int(11) unsigned DEFAULT NULL,
  `studentsubjectgroupid` int(11) unsigned DEFAULT NULL,
  `studentsubjectid` int(11) unsigned DEFAULT NULL,
  `del` int(11) unsigned DEFAULT NULL,
  `addtoday` datetime DEFAULT NULL,
  `adduserid` double DEFAULT NULL,
  `deltoday` varchar(191) CHARACTER SET utf8mb4 COLLATE utf8mb4_unicode_ci DEFAULT NULL,
  `deluserid` varchar(191) CHARACTER SET utf8mb4 COLLATE utf8mb4_unicode_ci DEFAULT NULL,
  `studentsexamid` int(11) unsigned DEFAULT NULL,
  `updatetoday` datetime DEFAULT NULL,
  `updateuserid` double DEFAULT NULL,
  PRIMARY KEY (`id`)
) ENGINE=InnoDB DEFAULT CHARSET=utf8mb3 COLLATE=utf8mb3_general_ci;

--
-- Dumping data for table `studentsexamsval`
--


--
-- Table structure for table `studentspaymentsystems`
--

CREATE TABLE `studentspaymentsystems` (
  `id` int(11) NOT NULL AUTO_INCREMENT,
  `del` int(11) unsigned DEFAULT NULL,
  `addtoday` datetime DEFAULT NULL,
  `adduserid` double DEFAULT NULL,
  `deltoday` varchar(191) CHARACTER SET utf8mb4 COLLATE utf8mb4_unicode_ci DEFAULT NULL,
  `deluserid` varchar(191) CHARACTER SET utf8mb4 COLLATE utf8mb4_unicode_ci DEFAULT NULL,
  `paymentname` varchar(191) CHARACTER SET utf8mb4 COLLATE utf8mb4_unicode_ci DEFAULT NULL,
  `paymentprice` int(11) unsigned DEFAULT NULL,
  `paymentmonth` int(11) unsigned DEFAULT NULL,
  `studentaddsubjectid` int(11) unsigned DEFAULT NULL,
  `studentsubjectid` int(11) unsigned DEFAULT NULL,
  PRIMARY KEY (`id`)
) ENGINE=InnoDB DEFAULT CHARSET=utf8mb3 COLLATE=utf8mb3_general_ci;

--
-- Dumping data for table `studentspaymentsystems`
--


--
-- Table structure for table `studentspays`
--

CREATE TABLE `studentspays` (
  `id` int(11) NOT NULL AUTO_INCREMENT,
  `del` int(11) unsigned DEFAULT NULL,
  `addtoday` datetime DEFAULT NULL,
  `adduserid` double DEFAULT NULL,
  `deltoday` varchar(191) CHARACTER SET utf8mb4 COLLATE utf8mb4_unicode_ci DEFAULT NULL,
  `deluserid` varchar(191) CHARACTER SET utf8mb4 COLLATE utf8mb4_unicode_ci DEFAULT NULL,
  `studentaddsubjectid` int(11) unsigned DEFAULT NULL,
  `studentsubjectid` int(11) unsigned DEFAULT NULL,
  `studentsubjectgroupid` int(11) unsigned DEFAULT NULL,
  `studentspaymentsystemid` varchar(191) CHARACTER SET utf8mb4 COLLATE utf8mb4_unicode_ci DEFAULT NULL,
  `studentaddsubjectdetailid` int(11) unsigned DEFAULT NULL,
  `studentid` int(11) unsigned DEFAULT NULL,
  `paymonths` int(11) unsigned DEFAULT NULL,
  `paytype` varchar(191) CHARACTER SET utf8mb4 COLLATE utf8mb4_unicode_ci DEFAULT NULL,
  `paytypenum` int(11) unsigned DEFAULT NULL,
  `payprice` int(11) unsigned DEFAULT NULL,
  `countmonths` varchar(191) CHARACTER SET utf8mb4 COLLATE utf8mb4_unicode_ci DEFAULT NULL,
  `newprice` varchar(191) CHARACTER SET utf8mb4 COLLATE utf8mb4_unicode_ci DEFAULT NULL,
  `paystartdate` date DEFAULT NULL,
  `payenddate` date DEFAULT NULL,
  `paytypered` tinyint(1) unsigned DEFAULT NULL,
  `paykind` int(11) unsigned DEFAULT NULL,
  PRIMARY KEY (`id`)
) ENGINE=InnoDB DEFAULT CHARSET=utf8mb3 COLLATE=utf8mb3_general_ci;

--
-- Dumping data for table `studentspays`
--


--
-- Table structure for table `studentsubjectgroupdays`
--

CREATE TABLE `studentsubjectgroupdays` (
  `id` int(11) NOT NULL AUTO_INCREMENT,
  `del` int(11) unsigned DEFAULT NULL,
  `addtoday` datetime DEFAULT NULL,
  `adduserid` double DEFAULT NULL,
  `deltoday` varchar(191) CHARACTER SET utf8mb4 COLLATE utf8mb4_unicode_ci DEFAULT NULL,
  `deluserid` varchar(191) CHARACTER SET utf8mb4 COLLATE utf8mb4_unicode_ci DEFAULT NULL,
  `studentsubjectid` int(11) unsigned DEFAULT NULL,
  `studentsubjectgroupid` int(11) unsigned DEFAULT NULL,
  `dayar` varchar(191) CHARACTER SET utf8mb4 COLLATE utf8mb4_unicode_ci DEFAULT NULL,
  `dayen` varchar(191) CHARACTER SET utf8mb4 COLLATE utf8mb4_unicode_ci DEFAULT NULL,
  `day` int(11) unsigned DEFAULT NULL,
  `timeform` varchar(191) CHARACTER SET utf8mb4 COLLATE utf8mb4_unicode_ci DEFAULT NULL,
  `timeto` varchar(191) CHARACTER SET utf8mb4 COLLATE utf8mb4_unicode_ci DEFAULT NULL,
  `useit` int(11) unsigned DEFAULT NULL,
  `updatetoday` datetime DEFAULT NULL,
  `updateuserid` double DEFAULT NULL,
  `deviceid` tinyint(1) unsigned DEFAULT NULL,
  PRIMARY KEY (`id`)
) ENGINE=InnoDB DEFAULT CHARSET=utf8mb3 COLLATE=utf8mb3_general_ci;

--
-- Dumping data for table `studentsubjectgroupdays`
--


--
-- Table structure for table `studentsubjectgroups`
--

CREATE TABLE `studentsubjectgroups` (
  `id` int(11) NOT NULL AUTO_INCREMENT,
  `del` int(11) unsigned DEFAULT NULL,
  `addtoday` datetime DEFAULT NULL,
  `adduserid` double DEFAULT NULL,
  `deltoday` varchar(191) CHARACTER SET utf8mb4 COLLATE utf8mb4_unicode_ci DEFAULT NULL,
  `deluserid` varchar(191) CHARACTER SET utf8mb4 COLLATE utf8mb4_unicode_ci DEFAULT NULL,
  `studentsubjectid` int(11) unsigned DEFAULT NULL,
  `subjectgroupname` varchar(191) CHARACTER SET utf8mb4 COLLATE utf8mb4_unicode_ci DEFAULT NULL,
  `subjectgroupprice` int(11) unsigned DEFAULT NULL,
  `useit` int(11) unsigned DEFAULT NULL,
  `updatetoday` datetime DEFAULT NULL,
  `updateuserid` double DEFAULT NULL,
  `deviceid` tinyint(1) unsigned DEFAULT NULL,
  PRIMARY KEY (`id`)
) ENGINE=InnoDB DEFAULT CHARSET=utf8mb3 COLLATE=utf8mb3_general_ci;

--
-- Dumping data for table `studentsubjectgroups`
--


--
-- Table structure for table `studentsubjects`
--

CREATE TABLE `studentsubjects` (
  `id` int(11) NOT NULL AUTO_INCREMENT,
  `del` int(11) unsigned DEFAULT NULL,
  `addtoday` datetime DEFAULT NULL,
  `adduserid` double DEFAULT NULL,
  `deltoday` varchar(191) CHARACTER SET utf8mb4 COLLATE utf8mb4_unicode_ci DEFAULT NULL,
  `deluserid` varchar(191) CHARACTER SET utf8mb4 COLLATE utf8mb4_unicode_ci DEFAULT NULL,
  `subjectname` varchar(191) CHARACTER SET utf8mb4 COLLATE utf8mb4_unicode_ci DEFAULT NULL,
  `subjectprice` int(11) unsigned DEFAULT NULL,
  `ipaddress` varchar(191) CHARACTER SET utf8mb4 COLLATE utf8mb4_unicode_ci DEFAULT NULL,
  `deviceid` varchar(191) CHARACTER SET utf8mb4 COLLATE utf8mb4_unicode_ci DEFAULT NULL,
  `useit` int(11) unsigned DEFAULT NULL,
  `incometypeid` int(11) unsigned DEFAULT NULL,
  `updatetoday` datetime DEFAULT NULL,
  `updateuserid` double DEFAULT NULL,
  PRIMARY KEY (`id`)
) ENGINE=InnoDB DEFAULT CHARSET=utf8mb3 COLLATE=utf8mb3_general_ci;

--
-- Dumping data for table `studentsubjects`
--


--
-- Table structure for table `suppay`
--

CREATE TABLE `suppay` (
  `id` int(11) NOT NULL AUTO_INCREMENT,
  `idsupdeptchange` int(11) NOT NULL,
  `paytype` int(11) NOT NULL DEFAULT 0,
  `accountid` int(11) DEFAULT NULL,
  `del` int(11) NOT NULL DEFAULT 0,
  `bankid` int(11) DEFAULT NULL,
  `checkno` int(11) DEFAULT NULL,
  `beneficiaryname` varchar(255) DEFAULT NULL,
  `chckdate` date DEFAULT NULL,
  `chckimage` varchar(255) DEFAULT NULL,
  `senderbank` varchar(50) DEFAULT NULL,
  `details` varchar(255) DEFAULT NULL,
  PRIMARY KEY (`id`)
) ENGINE=InnoDB DEFAULT CHARSET=latin1 COLLATE=latin1_swedish_ci;

--
-- Dumping data for table `suppay`
--


--
-- Table structure for table `supplier`
--

CREATE TABLE `supplier` (
  `supplierid` int(11) NOT NULL AUTO_INCREMENT,
  `suppliername` varchar(256) NOT NULL,
  `supplieraddress` varchar(256) DEFAULT NULL,
  `supplierphone` varchar(20) DEFAULT NULL,
  `suppliercurrentDebt` decimal(10,2) DEFAULT 0.00,
  `supplierdetails` text DEFAULT NULL,
  `conditions` int(11) NOT NULL DEFAULT 0,
  `userid` int(11) NOT NULL,
  `supplierdate` date NOT NULL,
  `dailyentryid` int(11) NOT NULL DEFAULT 0,
  `category_id` varchar(200) DEFAULT NULL,
  `typesupplier_id` varchar(200) DEFAULT NULL,
  `linkedClientId` int(11) NOT NULL DEFAULT 0,
  `inUse` tinyint(4) NOT NULL DEFAULT 0 COMMENT '0 free - 1 in use means to stop changing debt till it is free again',
  `suppliercode` varchar(256) NOT NULL,
  `goverareaid` varchar(256) NOT NULL,
  `namepayeecheck` varchar(256) NOT NULL,
  `suppliermobile` varchar(256) NOT NULL,
  `warrantyOfficer` varchar(256) NOT NULL,
  `warrantymobile` varchar(256) NOT NULL,
  `sellername` varchar(256) NOT NULL,
  `sellermobile` varchar(256) NOT NULL,
  `taxnumber` varchar(255) DEFAULT NULL,
  `supplierTypeForTree` tinyint(4) NOT NULL DEFAULT 0,
  PRIMARY KEY (`supplierid`)
) ENGINE=InnoDB AUTO_INCREMENT=12 DEFAULT CHARSET=utf8mb3 COLLATE=utf8mb3_general_ci;

--
-- Dumping data for table `supplier`
--

INSERT INTO `supplier` VALUES
(1,'مباشر','','',0.00,'مباشر',1,1,'2022-07-01',0,NULL,NULL,0,0,'','','','','','','','',NULL,0),
(2,'أ\\ محمد الجزله','','',1429846.00,'',1,1,'2022-08-08',85,'','',0,0,'','','','','','','','','',0),
(3,'أ\\ اسامه','','',408265.00,'',0,1,'2023-03-13',119,'','',0,0,'','','','','','','','','',0),
(4,'الحاج\\ اسامه','','',482061.00,'',1,1,'2022-07-28',0,'','',0,0,'','','','','','','','','',0),
(5,'اسامه','','',182347.00,'',1,1,'2022-08-03',124,'','',0,0,'','','','','','','','','',0),
(6,'أ\\ مصطÙي','','',-299277.00,'',1,1,'2022-07-28',132,'','',0,0,'','','','','','','','','',0),
(7,'مسبغة عمر','','',60000.00,'',1,1,'2022-08-06',0,'','',0,0,'','','','','','','','','',0),
(8,'حمدان','','',338290.00,'',1,1,'2022-10-29',541,'','',0,0,'','','','','','','','','',0),
(9,'الحاج\\ مصطÙي','','',567794.00,'',1,1,'2022-12-18',0,'','',0,0,'','','','','','','','','',0),
(10,'الحاج\\ مصطÙي1','','',-163352.00,'',0,1,'2022-12-18',765,'','',0,0,'','','','','','','','','',0),
(11,'الحاج \\ اسامه','','',0.00,'',0,1,'2022-12-20',0,'','',0,0,'','','','','','','','','',0);

--
-- Table structure for table `supplierdebtchange`
--

CREATE TABLE `supplierdebtchange` (
  `supplierdebtchangeid` int(11) NOT NULL AUTO_INCREMENT,
  `supplierid` int(11) NOT NULL,
  `supplierdebtchangebefore` decimal(10,2) NOT NULL,
  `supplierdebtchangeamount` decimal(10,2) NOT NULL,
  `supplierdebtchangetype` int(11) NOT NULL COMMENT '0 => plus- 1 => minus',
  `processname` varchar(256) NOT NULL,
  `supplierdebtchangemodelid` int(11) NOT NULL,
  `supplierdebtchangeafter` decimal(10,2) NOT NULL,
  `supplierdebtchangedate` datetime NOT NULL,
  `userid` int(11) NOT NULL,
  `tablename` varchar(500) NOT NULL,
  `comment` text DEFAULT NULL,
  `del` int(11) NOT NULL DEFAULT 0,
  `dailyentryid` int(11) NOT NULL DEFAULT 0,
  `saveid` int(11) DEFAULT NULL,
  `costcenterid` int(11) DEFAULT NULL,
  `currencyId` int(11) NOT NULL,
  `conversionFactor` float NOT NULL,
  `payedInCurrency` decimal(10,2) NOT NULL,
  `saveConversionFactor` float NOT NULL,
  PRIMARY KEY (`supplierdebtchangeid`),
  KEY `idx_supplierdebtchange` (`tablename`(255)),
  KEY `supplierid` (`supplierid`)
) ENGINE=InnoDB AUTO_INCREMENT=226 DEFAULT CHARSET=utf8mb3 COLLATE=utf8mb3_general_ci;

--
-- Dumping data for table `supplierdebtchange`
--

INSERT INTO `supplierdebtchange` VALUES
(1,2,0.00,331000.00,0,'إضاÙة مورد جديد',2,331000.00,'2022-07-27 16:07:49',1,'supplierController.php','',0,0,0,0,1,1,331000.00,1),
(2,2,331000.00,156507.00,0,'اضاÙة Ùاتورة مشتريات',1,487507.00,'2022-07-27 16:13:22',1,'buyBillController.php','اضاÙة Ùاتورة مشتريات',0,0,0,0,1,1,156507.00,1),
(3,2,487507.00,140790.00,0,'اضاÙة Ùاتورة مشتريات',2,628297.00,'2022-07-27 16:19:51',1,'buyBillController.php','اضاÙة Ùاتورة مشتريات',0,0,0,0,1,1,140790.00,1),
(4,2,628297.00,176501.00,0,'اضاÙة Ùاتورة مشتريات',3,804798.00,'2022-07-27 16:20:53',1,'buyBillController.php','اضاÙة Ùاتورة مشتريات',0,0,0,0,1,1,176501.00,1),
(5,2,804798.00,233469.00,0,'اضاÙة Ùاتورة مشتريات',4,1038267.00,'2022-07-27 16:23:02',1,'buyBillController.php','اضاÙة Ùاتورة مشتريات',0,0,0,0,1,1,233469.00,1),
(6,2,1038267.00,150312.00,0,'اضاÙة Ùاتورة مشتريات',5,1188579.00,'2022-07-27 16:26:46',1,'buyBillController.php','اضاÙة Ùاتورة مشتريات',0,0,0,0,1,1,150312.00,1),
(7,2,1188579.00,50000.00,1,'ايصال دÙع لمورد',1,1138579.00,'2022-07-27 16:32:10',1,'supplierPayedDeptController.php','',0,91,1,-1,1,1,50000.00,1),
(8,2,1138579.00,50000.00,1,'ايصال دÙع لمورد',1,1088579.00,'2022-07-27 16:32:48',1,'supplierPayedDeptController.php','',0,92,1,-1,1,1,50000.00,1),
(9,2,1088579.00,50000.00,1,'شيك مؤقت لمورد',19,1038579.00,'2022-07-27 16:35:01',1,'datedCheckedController.php','اضاÙه شيك مؤجل',0,0,0,0,1,1,50000.00,1),
(10,2,1038579.00,100000.00,1,'شيك مؤقت لمورد',20,938579.00,'2022-07-27 16:35:40',1,'datedCheckedController.php','اضاÙه شيك مؤجل',0,0,0,0,1,1,100000.00,1),
(11,2,938579.00,100000.00,1,'شيك مؤقت لمورد',21,838579.00,'2022-07-27 16:36:23',1,'datedCheckedController.php','اضاÙه شيك مؤجل',0,0,0,0,1,1,100000.00,1),
(12,2,838579.00,100000.00,1,'شيك مؤقت لمورد',22,738579.00,'2022-07-27 16:37:15',1,'datedCheckedController.php','اضاÙه شيك مؤجل',0,0,0,0,1,1,100000.00,1),
(13,2,738579.00,100000.00,1,'شيك مؤقت لمورد',23,638579.00,'2022-07-27 16:38:02',1,'datedCheckedController.php','اضاÙه شيك مؤجل',0,0,0,0,1,1,100000.00,1),
(14,2,638579.00,100000.00,1,'شيك مؤقت لمورد',24,538579.00,'2022-07-27 16:38:35',1,'datedCheckedController.php','اضاÙه شيك مؤجل',0,0,0,0,1,1,100000.00,1),
(15,3,0.00,482061.00,0,'إضاÙة مورد جديد',3,482061.00,'2022-07-28 14:26:56',1,'supplierController.php','',0,0,0,0,1,1,482061.00,1),
(16,3,482061.00,220032.00,0,'اضاÙة Ùاتورة مشتريات',6,702093.00,'2022-07-28 14:29:57',1,'buyBillController.php','اضاÙة Ùاتورة مشتريات',0,0,0,0,1,1,220032.00,1),
(17,3,702093.00,220032.00,1,'حذÙ Ùاتورة مشتريات',6,482061.00,'2022-07-28 14:43:11',1,'buyBillController.php','حذÙ Ùاتورة مشتريات',0,0,0,0,1,1,220032.00,1),
(18,3,482061.00,0.00,1,'تسوية عجز مورد بالخصم',-1,482061.00,'2022-07-28 15:10:56',1,'supplierDeficitController.php','',0,0,0,0,1,1,0.00,1),
(19,4,0.00,0.00,0,'إضاÙة مورد جديد',4,0.00,'2022-07-28 15:12:33',1,'supplierController.php','',0,0,0,0,1,1,0.00,1),
(20,3,482061.00,482061.00,0,'تسوية عجز مورد بالزيادة',-1,964122.00,'2022-07-28 15:34:48',1,'supplierDeficitController.php','',0,121,0,0,1,1,482061.00,1),
(21,3,964122.00,1446183.00,1,'تسوية عجز مورد بالخصم',-1,-482061.00,'2022-07-28 15:35:30',1,'supplierDeficitController.php','',0,122,0,0,1,1,1446183.00,1),
(22,4,0.00,482061.00,0,'تسوية عجز مورد بالزيادة',-1,482061.00,'2022-07-28 15:44:03',1,'supplierDeficitController.php','',0,123,0,0,1,1,482061.00,1),
(23,5,0.00,-482061.00,0,'إضاÙة مورد جديد',5,-482061.00,'2022-07-28 15:48:24',1,'supplierController.php','',0,0,0,0,1,1,-482061.00,1),
(24,5,-482061.00,220032.00,0,'اضاÙة Ùاتورة مشتريات',7,-262029.00,'2022-07-28 15:48:46',1,'buyBillController.php','اضاÙة Ùاتورة مشتريات',0,0,0,0,1,1,220032.00,1),
(25,5,-262029.00,180480.00,0,'اضاÙة Ùاتورة مشتريات',8,-81549.00,'2022-07-28 15:49:35',1,'buyBillController.php','اضاÙة Ùاتورة مشتريات',0,0,0,0,1,1,180480.00,1),
(26,5,-81549.00,65000.00,1,'ايصال دÙع لمورد',1,-146549.00,'2022-07-28 15:53:11',1,'supplierPayedDeptController.php','',0,127,1,-1,1,1,65000.00,1),
(27,5,-146549.00,124864.00,0,'اضاÙة Ùاتورة مشتريات',9,-21685.00,'2022-07-28 15:53:38',1,'buyBillController.php','اضاÙة Ùاتورة مشتريات',0,0,0,0,1,1,124864.00,1),
(28,5,-21685.00,60000.00,1,'ايصال دÙع لمورد',1,-81685.00,'2022-07-28 15:54:59',1,'supplierPayedDeptController.php','',0,129,1,-1,1,1,60000.00,1),
(29,5,-81685.00,139584.00,0,'اضاÙة Ùاتورة مشتريات',10,57899.00,'2022-07-28 15:55:48',1,'buyBillController.php','اضاÙة Ùاتورة مشتريات',0,0,0,0,1,1,139584.00,1),
(30,5,57899.00,50000.00,1,'ايصال دÙع لمورد',1,7899.00,'2022-07-28 15:56:39',1,'supplierPayedDeptController.php','',0,131,1,-1,1,1,50000.00,1),
(31,6,0.00,-567794.00,0,'إضاÙة مورد جديد',6,-567794.00,'2022-07-28 17:42:42',1,'supplierController.php','',0,0,0,0,1,1,-567794.00,1),
(32,6,-567794.00,192602.00,0,'اضاÙة Ùاتورة مشتريات',11,-375192.00,'2022-07-28 17:43:00',1,'buyBillController.php','اضاÙة Ùاتورة مشتريات',0,0,0,0,1,1,192602.00,1),
(33,6,-375192.00,110770.00,0,'اضاÙة Ùاتورة مشتريات',12,-264422.00,'2022-07-28 17:44:26',1,'buyBillController.php','اضاÙة Ùاتورة مشتريات',0,0,0,0,1,1,110770.00,1),
(34,6,-264422.00,27032.00,0,'اضاÙة Ùاتورة مشتريات',13,-237390.00,'2022-07-28 17:45:32',1,'buyBillController.php','اضاÙة Ùاتورة مشتريات',0,0,0,0,1,1,27032.00,1),
(35,6,-237390.00,168445.00,0,'اضاÙة Ùاتورة مشتريات',14,-68945.00,'2022-07-28 17:48:21',1,'buyBillController.php','اضاÙة Ùاتورة مشتريات',0,0,0,0,1,1,168445.00,1),
(36,6,-68945.00,7320.00,0,'اضاÙة Ùاتورة مشتريات',15,-61625.00,'2022-07-28 17:49:10',1,'buyBillController.php','اضاÙة Ùاتورة مشتريات',0,0,0,0,1,1,7320.00,1),
(37,6,-61625.00,50000.00,1,'ايصال دÙع لمورد',1,-111625.00,'2022-07-28 17:50:46',1,'supplierPayedDeptController.php','',0,138,1,-1,1,1,50000.00,1),
(38,6,-111625.00,117205.00,0,'اضاÙة Ùاتورة مشتريات',16,5580.00,'2022-07-28 17:51:05',1,'buyBillController.php','اضاÙة Ùاتورة مشتريات',0,0,0,0,1,1,117205.00,1),
(39,6,5580.00,135818.00,0,'اضاÙة Ùاتورة مشتريات',17,141398.00,'2022-07-28 17:51:44',1,'buyBillController.php','اضاÙة Ùاتورة مشتريات',0,0,0,0,1,1,135818.00,1),
(40,6,141398.00,690000.00,1,'ايصال دÙع لمورد',1,-548602.00,'2022-07-28 17:52:37',1,'supplierPayedDeptController.php','',0,141,1,-1,1,1,690000.00,1),
(41,6,-548602.00,249325.00,0,'اضاÙة Ùاتورة مشتريات',18,-299277.00,'2022-07-28 17:53:04',1,'buyBillController.php','اضاÙة Ùاتورة مشتريات',0,0,0,0,1,1,249325.00,1),
(42,7,0.00,0.00,0,'إضاÙة مورد جديد',7,0.00,'2022-08-01 18:23:16',1,'supplierController.php','',0,0,0,0,1,1,0.00,1),
(43,5,7899.00,224448.00,0,'اضاÙة Ùاتورة مشتريات',19,232347.00,'2022-08-03 15:28:38',1,'buyBillController.php','اضاÙة Ùاتورة مشتريات',0,0,0,0,1,1,224448.00,1),
(44,5,232347.00,50000.00,1,'ايصال دÙع لمورد',1,182347.00,'2022-08-03 15:29:28',1,'supplierPayedDeptController.php','',0,156,1,-1,1,1,50000.00,1),
(45,7,0.00,54502.00,0,'اضاÙة Ùاتورة مشتريات',20,54502.00,'2022-08-03 17:42:37',1,'buyBillController.php','اضاÙة Ùاتورة مشتريات',0,0,0,0,1,1,54502.00,1),
(46,7,54502.00,10864.00,0,'اضاÙة Ùاتورة مشتريات',21,65366.00,'2022-08-03 17:50:30',1,'buyBillController.php','اضاÙة Ùاتورة مشتريات',0,0,0,0,1,1,10864.00,1),
(47,7,65366.00,9221.00,0,'اضاÙة Ùاتورة مشتريات',22,74587.00,'2022-08-03 17:55:11',1,'buyBillController.php','اضاÙة Ùاتورة مشتريات',0,0,0,0,1,1,9221.00,1),
(48,7,74587.00,12113.00,0,'اضاÙة Ùاتورة مشتريات',23,86700.00,'2022-08-03 18:00:37',1,'buyBillController.php','اضاÙة Ùاتورة مشتريات',0,0,0,0,1,1,12113.00,1),
(49,7,86700.00,14294.00,0,'اضاÙة Ùاتورة مشتريات',24,100994.00,'2022-08-03 18:02:47',1,'buyBillController.php','اضاÙة Ùاتورة مشتريات',0,0,0,0,1,1,14294.00,1),
(50,7,100994.00,11010.00,0,'اضاÙة Ùاتورة مشتريات',25,112004.00,'2022-08-03 18:04:42',1,'buyBillController.php','اضاÙة Ùاتورة مشتريات',0,0,0,0,1,1,11010.00,1),
(51,7,112004.00,9127.00,0,'اضاÙة Ùاتورة مشتريات',27,121131.00,'2022-08-03 18:08:36',1,'buyBillController.php','اضاÙة Ùاتورة مشتريات',0,0,0,0,1,1,9127.00,1),
(52,7,121131.00,10324.00,0,'اضاÙة Ùاتورة مشتريات',28,131455.00,'2022-08-03 18:09:11',1,'buyBillController.php','اضاÙة Ùاتورة مشتريات',0,0,0,0,1,1,10324.00,1),
(53,7,131455.00,0.00,0,'اضاÙة Ùاتورة مشتريات',29,131455.00,'2022-08-03 18:10:10',1,'buyBillController.php','اضاÙة Ùاتورة مشتريات',0,0,0,0,1,1,0.00,1),
(54,7,131455.00,10740.00,0,'اضاÙة Ùاتورة مشتريات',30,142195.00,'2022-08-03 18:11:02',1,'buyBillController.php','اضاÙة Ùاتورة مشتريات',0,0,0,0,1,1,10740.00,1),
(55,7,142195.00,23523.00,0,'اضاÙة Ùاتورة مشتريات',31,165718.00,'2022-08-03 18:11:42',1,'buyBillController.php','اضاÙة Ùاتورة مشتريات',0,0,0,0,1,1,23523.00,1),
(56,7,165718.00,30000.00,1,'شيك مؤقت لمورد',30,135718.00,'2022-08-03 18:16:24',1,'datedCheckedController.php','اضاÙه شيك مؤجل',0,0,0,0,1,1,30000.00,1),
(57,7,135718.00,30000.00,1,'شيك مؤقت لمورد',31,105718.00,'2022-08-03 18:17:06',1,'datedCheckedController.php','اضاÙه شيك مؤجل',0,0,0,0,1,1,30000.00,1),
(58,7,105718.00,30000.00,1,'شيك مؤقت لمورد',32,75718.00,'2022-08-03 18:17:45',1,'datedCheckedController.php','اضاÙه شيك مؤجل',0,0,0,0,1,1,30000.00,1),
(59,7,75718.00,30000.00,1,'شيك مؤقت لمورد',33,45718.00,'2022-08-03 18:18:24',1,'datedCheckedController.php','اضاÙه شيك مؤجل',0,0,0,0,1,1,30000.00,1),
(60,7,45718.00,30000.00,1,'شيك مؤقت لمورد',34,15718.00,'2022-08-03 18:19:00',1,'datedCheckedController.php','اضاÙه شيك مؤجل',0,0,0,0,1,1,30000.00,1),
(61,7,15718.00,30000.00,1,'شيك مؤقت لمورد',35,-14282.00,'2022-08-03 18:20:25',1,'datedCheckedController.php','اضاÙه شيك مؤجل',0,0,0,0,1,1,30000.00,1),
(62,7,-14282.00,30000.00,1,'شيك مؤقت لمورد',36,-44282.00,'2022-08-03 18:21:04',1,'datedCheckedController.php','اضاÙه شيك مؤجل',0,0,0,0,1,1,30000.00,1),
(63,7,-44282.00,30000.00,1,'شيك مؤقت لمورد',37,-74282.00,'2022-08-03 18:21:31',1,'datedCheckedController.php','اضاÙه شيك مؤجل',0,0,0,0,1,1,30000.00,1),
(64,7,-74282.00,12920.00,0,'اضاÙة Ùاتورة مشتريات',32,-61362.00,'2022-08-03 18:21:58',1,'buyBillController.php','اضاÙة Ùاتورة مشتريات',0,0,0,0,1,1,12920.00,1),
(65,7,-61362.00,6383.00,0,'اضاÙة Ùاتورة مشتريات',33,-54979.00,'2022-08-03 18:25:13',1,'buyBillController.php','اضاÙة Ùاتورة مشتريات',0,0,0,0,1,1,6383.00,1),
(66,7,-54979.00,5976.00,0,'اضاÙة Ùاتورة مشتريات',34,-49003.00,'2022-08-03 18:26:06',1,'buyBillController.php','اضاÙة Ùاتورة مشتريات',0,0,0,0,1,1,5976.00,1),
(67,7,-49003.00,6245.00,0,'اضاÙة Ùاتورة مشتريات',35,-42758.00,'2022-08-03 18:28:35',1,'buyBillController.php','اضاÙة Ùاتورة مشتريات',0,0,0,0,1,1,6245.00,1),
(68,7,-42758.00,20000.00,1,'ايصال دÙع لمورد',1,-62758.00,'2022-08-03 18:30:09',1,'supplierPayedDeptController.php','',1,167,1,-1,1,1,20000.00,1),
(69,7,-62758.00,26110.00,0,'اضاÙة Ùاتورة مشتريات',36,-36648.00,'2022-08-03 18:31:02',1,'buyBillController.php','اضاÙة Ùاتورة مشتريات',0,0,0,0,1,1,26110.00,1),
(70,7,-36648.00,40915.00,0,'اضاÙة Ùاتورة مشتريات',37,4267.00,'2022-08-03 18:32:37',1,'buyBillController.php','اضاÙة Ùاتورة مشتريات',0,0,0,0,1,1,40915.00,1),
(71,7,4267.00,11789.00,0,'اضاÙة Ùاتورة مشتريات',38,16056.00,'2022-08-03 18:33:41',1,'buyBillController.php','اضاÙة Ùاتورة مشتريات',0,0,0,0,1,1,11789.00,1),
(72,7,16056.00,7550.00,0,'اضاÙة Ùاتورة مشتريات',39,23606.00,'2022-08-03 18:35:01',1,'buyBillController.php','اضاÙة Ùاتورة مشتريات',0,0,0,0,1,1,7550.00,1),
(73,7,23606.00,20000.00,1,'ايصال دÙع لمورد',1,3606.00,'2022-08-03 18:37:12',1,'supplierPayedDeptController.php','',1,168,1,-1,1,1,20000.00,1),
(74,7,3606.00,10552.00,0,'اضاÙة Ùاتورة مشتريات',40,14158.00,'2022-08-03 18:37:51',1,'buyBillController.php','اضاÙة Ùاتورة مشتريات',0,0,0,0,1,1,10552.00,1),
(75,7,14158.00,11628.00,0,'اضاÙة Ùاتورة مشتريات',41,25786.00,'2022-08-03 18:39:02',1,'buyBillController.php','اضاÙة Ùاتورة مشتريات',0,0,0,0,1,1,11628.00,1),
(76,7,25786.00,10714.00,0,'اضاÙة Ùاتورة مشتريات',42,36500.00,'2022-08-06 16:50:27',1,'buyBillController.php','اضاÙة Ùاتورة مشتريات',0,0,0,0,1,1,10714.00,1),
(77,7,36500.00,13014.00,0,'اضاÙة Ùاتورة مشتريات',43,49514.00,'2022-08-06 16:52:56',1,'buyBillController.php','اضاÙة Ùاتورة مشتريات',0,0,0,0,1,1,13014.00,1),
(78,7,49514.00,10444.00,0,'اضاÙة Ùاتورة مشتريات',44,59958.00,'2022-08-06 16:54:14',1,'buyBillController.php','اضاÙة Ùاتورة مشتريات',0,0,0,0,1,1,10444.00,1),
(79,7,59958.00,10444.00,0,'اضاÙة Ùاتورة مشتريات',45,70402.00,'2022-08-06 16:56:49',1,'buyBillController.php','اضاÙة Ùاتورة مشتريات',0,0,0,0,1,1,10444.00,1),
(80,7,70402.00,10000.00,1,'ايصال دÙع لمورد',1,60402.00,'2022-08-06 16:59:49',1,'supplierPayedDeptController.php','',1,175,1,-1,1,1,10000.00,1),
(81,2,538579.00,30000.00,1,'ايصال دÙع لمورد',1,508579.00,'2022-08-08 18:17:53',1,'supplierPayedDeptController.php','',0,176,1,-1,1,1,30000.00,1),
(82,2,508579.00,115878.00,0,'اضاÙة Ùاتورة مشتريات',46,624457.00,'2022-08-08 18:18:13',1,'buyBillController.php','اضاÙة Ùاتورة مشتريات',0,0,0,0,1,1,115878.00,1),
(83,2,624457.00,82860.00,0,'اضاÙة Ùاتورة مشتريات',47,707317.00,'2022-08-08 18:19:46',1,'buyBillController.php','اضاÙة Ùاتورة مشتريات',0,0,0,0,1,1,82860.00,1),
(84,2,707317.00,30000.00,1,'ايصال دÙع لمورد',1,677317.00,'2022-08-08 18:21:25',1,'supplierPayedDeptController.php','',0,179,1,-1,1,1,30000.00,1),
(85,2,677317.00,232529.00,0,'اضاÙة Ùاتورة مشتريات',48,909846.00,'2022-08-08 18:21:43',1,'buyBillController.php','اضاÙة Ùاتورة مشتريات',0,0,0,0,1,1,232529.00,1),
(86,2,909846.00,30000.00,1,'ايصال دÙع لمورد',1,879846.00,'2022-08-08 18:23:56',1,'supplierPayedDeptController.php','',0,181,1,-1,1,1,30000.00,1),
(87,8,0.00,308550.00,0,'إضاÙة مورد جديد',8,308550.00,'2022-10-29 14:40:22',1,'supplierController.php','',0,0,0,0,1,1,308550.00,1),
(88,8,308550.00,19200.00,0,'اضاÙة Ùاتورة مشتريات',49,327750.00,'2022-08-29 14:40:29',1,'buyBillController.php','اضاÙة Ùاتورة مشتريات',0,0,0,0,1,1,19200.00,1),
(89,8,327750.00,10540.00,0,'اضاÙة Ùاتورة مشتريات',50,338290.00,'2022-09-01 14:25:21',1,'buyBillController.php','اضاÙة Ùاتورة مشتريات',0,0,0,0,1,1,10540.00,1),
(90,7,60402.00,54502.00,1,'حذÙ Ùاتورة مشتريات',20,5900.00,'2022-11-20 15:44:52',1,'buyBillController.php','حذÙ Ùاتورة مشتريات',0,0,0,0,1,1,54502.00,1),
(91,7,5900.00,10444.00,1,'حذÙ Ùاتورة مشتريات',45,-4544.00,'2022-11-20 15:45:05',1,'buyBillController.php','حذÙ Ùاتورة مشتريات',0,0,0,0,1,1,10444.00,1),
(92,7,-4544.00,10444.00,1,'حذÙ Ùاتورة مشتريات',44,-14988.00,'2022-11-20 15:45:21',1,'buyBillController.php','حذÙ Ùاتورة مشتريات',0,0,0,0,1,1,10444.00,1),
(93,7,-14988.00,13014.00,1,'حذÙ Ùاتورة مشتريات',43,-28002.00,'2022-11-20 15:45:32',1,'buyBillController.php','حذÙ Ùاتورة مشتريات',0,0,0,0,1,1,13014.00,1),
(94,7,-28002.00,10714.00,1,'حذÙ Ùاتورة مشتريات',42,-38716.00,'2022-11-20 15:46:30',1,'buyBillController.php','حذÙ Ùاتورة مشتريات',0,0,0,0,1,1,10714.00,1),
(95,7,-38716.00,11628.00,1,'حذÙ Ùاتورة مشتريات',41,-50344.00,'2022-11-20 15:46:30',1,'buyBillController.php','حذÙ Ùاتورة مشتريات',0,0,0,0,1,1,10714.00,1),
(96,7,-50344.00,10552.00,1,'حذÙ Ùاتورة مشتريات',40,-60896.00,'2022-11-20 15:46:30',1,'buyBillController.php','حذÙ Ùاتورة مشتريات',0,0,0,0,1,1,10714.00,1),
(97,7,-60896.00,7550.00,1,'حذÙ Ùاتورة مشتريات',39,-68446.00,'2022-11-20 15:46:30',1,'buyBillController.php','حذÙ Ùاتورة مشتريات',0,0,0,0,1,1,10714.00,1),
(98,7,-68446.00,11789.00,1,'حذÙ Ùاتورة مشتريات',38,-80235.00,'2022-11-20 15:46:30',1,'buyBillController.php','حذÙ Ùاتورة مشتريات',0,0,0,0,1,1,10714.00,1),
(99,7,-80235.00,40915.00,1,'حذÙ Ùاتورة مشتريات',37,-121150.00,'2022-11-20 15:46:30',1,'buyBillController.php','حذÙ Ùاتورة مشتريات',0,0,0,0,1,1,10714.00,1),
(100,7,-121150.00,26110.00,1,'حذÙ Ùاتورة مشتريات',36,-147260.00,'2022-11-20 15:46:30',1,'buyBillController.php','حذÙ Ùاتورة مشتريات',0,0,0,0,1,1,10714.00,1),
(101,7,-147260.00,6245.00,1,'حذÙ Ùاتورة مشتريات',35,-153505.00,'2022-11-20 15:46:30',1,'buyBillController.php','حذÙ Ùاتورة مشتريات',0,0,0,0,1,1,10714.00,1),
(102,7,-153505.00,5976.00,1,'حذÙ Ùاتورة مشتريات',34,-159481.00,'2022-11-20 15:46:30',1,'buyBillController.php','حذÙ Ùاتورة مشتريات',0,0,0,0,1,1,10714.00,1),
(103,7,-159481.00,6383.00,1,'حذÙ Ùاتورة مشتريات',33,-165864.00,'2022-11-20 15:46:30',1,'buyBillController.php','حذÙ Ùاتورة مشتريات',0,0,0,0,1,1,10714.00,1),
(104,7,-165864.00,12920.00,1,'حذÙ Ùاتورة مشتريات',32,-178784.00,'2022-11-20 15:46:30',1,'buyBillController.php','حذÙ Ùاتورة مشتريات',0,0,0,0,1,1,10714.00,1),
(105,7,-178784.00,23523.00,1,'حذÙ Ùاتورة مشتريات',31,-202307.00,'2022-11-20 15:46:30',1,'buyBillController.php','حذÙ Ùاتورة مشتريات',0,0,0,0,1,1,10714.00,1),
(106,7,-202307.00,10740.00,1,'حذÙ Ùاتورة مشتريات',30,-213047.00,'2022-11-20 15:46:30',1,'buyBillController.php','حذÙ Ùاتورة مشتريات',0,0,0,0,1,1,10714.00,1),
(107,7,-213047.00,0.00,1,'حذÙ Ùاتورة مشتريات',29,-213047.00,'2022-11-20 15:46:30',1,'buyBillController.php','حذÙ Ùاتورة مشتريات',0,0,0,0,1,1,10714.00,1),
(108,7,-213047.00,10324.00,1,'حذÙ Ùاتورة مشتريات',28,-223371.00,'2022-11-20 15:46:30',1,'buyBillController.php','حذÙ Ùاتورة مشتريات',0,0,0,0,1,1,10714.00,1),
(109,7,-223371.00,9127.00,1,'حذÙ Ùاتورة مشتريات',27,-232498.00,'2022-11-20 15:46:30',1,'buyBillController.php','حذÙ Ùاتورة مشتريات',0,0,0,0,1,1,10714.00,1),
(110,7,-232498.00,11010.00,1,'حذÙ Ùاتورة مشتريات',25,-243508.00,'2022-11-20 15:46:30',1,'buyBillController.php','حذÙ Ùاتورة مشتريات',0,0,0,0,1,1,10714.00,1),
(111,7,-243508.00,14294.00,1,'حذÙ Ùاتورة مشتريات',24,-257802.00,'2022-11-20 15:46:30',1,'buyBillController.php','حذÙ Ùاتورة مشتريات',0,0,0,0,1,1,10714.00,1),
(112,7,-257802.00,12113.00,1,'حذÙ Ùاتورة مشتريات',23,-269915.00,'2022-11-20 15:46:30',1,'buyBillController.php','حذÙ Ùاتورة مشتريات',0,0,0,0,1,1,10714.00,1),
(113,7,-269915.00,9221.00,1,'حذÙ Ùاتورة مشتريات',22,-279136.00,'2022-11-20 15:46:30',1,'buyBillController.php','حذÙ Ùاتورة مشتريات',0,0,0,0,1,1,10714.00,1),
(114,7,-279136.00,10864.00,1,'حذÙ Ùاتورة مشتريات',21,-290000.00,'2022-11-20 15:46:30',1,'buyBillController.php','حذÙ Ùاتورة مشتريات',0,0,0,0,1,1,10714.00,1),
(115,7,-290000.00,20000.00,0,'الغاء سداد ديون مورد معين',-1,-270000.00,'2022-11-20 15:48:39',1,'supplierPayedDeptController.php','delRow68',1,167,NULL,NULL,1,1,20000.00,1),
(116,7,-270000.00,20000.00,0,'الغاء سداد ديون مورد معين',-1,-250000.00,'2022-11-20 15:48:52',1,'supplierPayedDeptController.php','delRow73',1,168,NULL,NULL,1,1,20000.00,1),
(117,7,-250000.00,10000.00,0,'الغاء سداد ديون مورد معين',-1,-240000.00,'2022-11-20 15:49:02',1,'supplierPayedDeptController.php','delRow80',1,175,NULL,NULL,1,1,10000.00,1),
(118,9,0.00,0.00,0,'إضاÙة مورد جديد',9,0.00,'2022-12-18 13:11:00',1,'supplierController.php','',0,0,0,0,1,1,0.00,1),
(119,9,0.00,567794.00,0,'تسوية عجز مورد بالزيادة',-1,567794.00,'2022-12-18 13:12:18',1,'supplierDeficitController.php','',0,764,0,0,1,1,567794.00,1),
(120,10,0.00,-567794.00,0,'إضاÙة مورد جديد',10,-567794.00,'2022-12-18 14:31:31',1,'supplierController.php','',0,0,0,0,1,1,-567794.00,1),
(121,10,-567794.00,192602.00,0,'اضاÙة Ùاتورة مشتريات',51,-375192.00,'2022-03-23 14:35:19',1,'buyBillController.php','اضاÙة Ùاتورة مشتريات',0,0,0,0,1,1,192602.00,1),
(122,10,-375192.00,110770.00,0,'اضاÙة Ùاتورة مشتريات',52,-264422.00,'2022-04-27 14:40:37',1,'buyBillController.php','اضاÙة Ùاتورة مشتريات',0,0,0,0,1,1,110770.00,1),
(123,10,-264422.00,27032.00,0,'اضاÙة Ùاتورة مشتريات',53,-237390.00,'2022-05-31 14:40:38',1,'buyBillController.php','اضاÙة Ùاتورة مشتريات',0,0,0,0,1,1,27032.00,1),
(124,10,-237390.00,175765.00,0,'اضاÙة Ùاتورة مشتريات',54,-61625.00,'2022-05-31 14:40:06',1,'buyBillController.php','اضاÙة Ùاتورة مشتريات',0,0,0,0,1,1,175765.00,1),
(125,10,-61625.00,50000.00,1,'ايصال دÙع لمورد',1,-111625.00,'2022-06-01 14:45:53',1,'supplierPayedDeptController.php','',0,770,1,-1,1,1,50000.00,1),
(126,10,-111625.00,117205.00,0,'اضاÙة Ùاتورة مشتريات',55,5580.00,'2022-06-01 14:45:20',1,'buyBillController.php','اضاÙة Ùاتورة مشتريات',0,0,0,0,1,1,117205.00,1),
(127,10,5580.00,135818.00,0,'اضاÙة Ùاتورة مشتريات',56,141398.00,'2022-06-07 14:45:41',1,'buyBillController.php','اضاÙة Ùاتورة مشتريات',0,0,0,0,1,1,135818.00,1),
(128,10,141398.00,690000.00,1,'شيك مؤقت لمورد',138,-548602.00,'2022-12-18 14:51:14',1,'datedCheckedController.php','اضاÙه شيك مؤجل',0,0,0,0,1,1,690000.00,1),
(129,10,-548602.00,129015.00,0,'اضاÙة Ùاتورة مشتريات',57,-419587.00,'2022-07-07 07:50:19',1,'buyBillController.php','اضاÙة Ùاتورة مشتريات',0,0,0,0,1,1,129015.00,1),
(130,10,-419587.00,118195.00,0,'اضاÙة Ùاتورة مشتريات',58,-301392.00,'2022-07-07 14:50:34',1,'buyBillController.php','اضاÙة Ùاتورة مشتريات',0,0,0,0,1,1,118195.00,1),
(131,10,-301392.00,110660.00,0,'اضاÙة Ùاتورة مشتريات',59,-190732.00,'2022-08-03 14:50:50',1,'buyBillController.php','اضاÙة Ùاتورة مشتريات',0,0,0,0,1,1,110660.00,1),
(132,10,-190732.00,120539.00,0,'اضاÙة Ùاتورة مشتريات',60,-70193.00,'2022-08-28 14:55:48',1,'buyBillController.php','اضاÙة Ùاتورة مشتريات',0,0,0,0,1,1,120539.00,1),
(133,10,-70193.00,117120.00,0,'اضاÙة Ùاتورة مشتريات',61,46927.00,'2022-10-01 14:55:19',1,'buyBillController.php','اضاÙة Ùاتورة مشتريات',0,0,0,0,1,1,117120.00,1),
(134,10,46927.00,315000.00,1,'شيك مؤقت لمورد',139,-268073.00,'2022-12-18 15:00:44',1,'datedCheckedController.php','اضاÙه شيك مؤجل',0,0,0,0,1,1,315000.00,1),
(135,10,-268073.00,104721.00,0,'اضاÙة Ùاتورة مشتريات',62,-163352.00,'2022-11-27 15:00:51',1,'buyBillController.php','اضاÙة Ùاتورة مشتريات',0,0,0,0,1,1,104721.00,1),
(136,11,0.00,0.00,0,'إضاÙة مورد جديد',11,0.00,'2022-12-20 14:15:21',1,'supplierController.php','',0,0,0,0,1,1,0.00,1),
(137,3,-482061.00,220032.00,0,'اضاÙة Ùاتورة مشتريات',63,-262029.00,'2022-05-22 14:20:19',1,'buyBillController.php','اضاÙة Ùاتورة مشتريات',0,0,0,0,1,1,220032.00,1),
(138,3,-262029.00,65000.00,1,'ايصال دÙع لمورد',1,-327029.00,'2022-06-12 14:20:15',1,'supplierPayedDeptController.php','',0,789,1,-1,1,1,65000.00,1),
(139,3,-327029.00,180480.00,0,'اضاÙة Ùاتورة مشتريات',64,-146549.00,'2022-06-12 14:20:19',1,'buyBillController.php','اضاÙة Ùاتورة مشتريات',0,0,0,0,1,1,180480.00,1),
(140,3,-146549.00,60000.00,1,'ايصال دÙع لمورد',1,-206549.00,'2022-06-23 14:20:14',1,'supplierPayedDeptController.php','',0,791,1,-1,1,1,60000.00,1),
(141,3,-206549.00,124864.00,0,'اضاÙة Ùاتورة مشتريات',65,-81685.00,'2022-06-23 14:20:45',1,'buyBillController.php','اضاÙة Ùاتورة مشتريات',0,0,0,0,1,1,124864.00,1),
(142,3,-81685.00,50000.00,1,'ايصال دÙع لمورد',1,-131685.00,'2022-07-03 14:30:00',1,'supplierPayedDeptController.php','',0,793,1,-1,1,1,50000.00,1),
(143,3,-131685.00,139584.00,0,'اضاÙة Ùاتورة مشتريات',66,7899.00,'2022-07-03 14:30:33',1,'buyBillController.php','اضاÙة Ùاتورة مشتريات',0,0,0,0,1,1,139584.00,1),
(144,3,7899.00,50000.00,1,'ايصال دÙع لمورد',1,-42101.00,'2022-08-01 14:30:55',1,'supplierPayedDeptController.php','',0,795,1,-1,1,1,50000.00,1),
(145,3,-42101.00,224448.00,0,'اضاÙة Ùاتورة مشتريات',67,182347.00,'2022-08-01 14:30:20',1,'buyBillController.php','اضاÙة Ùاتورة مشتريات',0,0,0,0,1,1,224448.00,1),
(146,3,182347.00,50000.00,1,'ايصال دÙع لمورد',1,132347.00,'2022-08-15 14:30:17',1,'supplierPayedDeptController.php','',0,797,1,-1,1,1,50000.00,1),
(147,3,132347.00,55200.00,1,'شيك مؤقت لمورد',141,77147.00,'2022-12-20 14:34:56',1,'datedCheckedController.php','اضاÙه شيك مؤجل',0,0,0,0,1,1,55200.00,1),
(148,2,879846.00,50000.00,0,'',19,929846.00,'2022-12-20 14:35:30',1,'datedCheckedController.php','الغاء شيك مؤجل',0,93,0,0,1,1,50000.00,1),
(149,2,929846.00,100000.00,0,'',20,1029846.00,'2022-12-20 14:35:35',1,'datedCheckedController.php','الغاء شيك مؤجل',0,94,0,0,1,1,100000.00,1),
(150,2,1029846.00,100000.00,0,'',21,1129846.00,'2022-12-20 14:35:44',1,'datedCheckedController.php','الغاء شيك مؤجل',0,95,0,0,1,1,100000.00,1),
(151,2,1129846.00,100000.00,0,'',22,1229846.00,'2022-12-20 14:35:49',1,'datedCheckedController.php','الغاء شيك مؤجل',0,96,0,0,1,1,100000.00,1),
(152,2,1229846.00,100000.00,0,'',23,1329846.00,'2022-12-20 14:35:54',1,'datedCheckedController.php','الغاء شيك مؤجل',0,97,0,0,1,1,100000.00,1),
(153,2,1329846.00,100000.00,0,'',24,1429846.00,'2022-12-20 14:35:59',1,'datedCheckedController.php','الغاء شيك مؤجل',0,98,0,0,1,1,100000.00,1),
(154,7,-240000.00,30000.00,0,'',30,-210000.00,'2022-12-20 14:36:08',1,'datedCheckedController.php','الغاء شيك مؤجل',0,159,0,0,1,1,30000.00,1),
(155,7,-210000.00,30000.00,0,'',31,-180000.00,'2022-12-20 14:36:15',1,'datedCheckedController.php','الغاء شيك مؤجل',0,160,0,0,1,1,30000.00,1),
(156,7,-180000.00,30000.00,0,'',31,-150000.00,'2022-12-20 14:36:16',1,'datedCheckedController.php','الغاء شيك مؤجل',0,160,0,0,1,1,30000.00,1),
(157,7,-150000.00,30000.00,0,'',37,-120000.00,'2022-12-20 14:36:30',1,'datedCheckedController.php','الغاء شيك مؤجل',0,166,0,0,1,1,30000.00,1),
(158,7,-120000.00,30000.00,0,'',36,-90000.00,'2022-12-20 14:36:40',1,'datedCheckedController.php','الغاء شيك مؤجل',0,165,0,0,1,1,30000.00,1),
(159,7,-90000.00,30000.00,0,'',36,-60000.00,'2022-12-20 14:36:41',1,'datedCheckedController.php','الغاء شيك مؤجل',0,165,0,0,1,1,30000.00,1),
(160,7,-60000.00,30000.00,0,'',35,-30000.00,'2022-12-20 14:36:45',1,'datedCheckedController.php','الغاء شيك مؤجل',0,164,0,0,1,1,30000.00,1),
(161,7,-30000.00,30000.00,0,'',34,0.00,'2022-12-20 14:36:49',1,'datedCheckedController.php','الغاء شيك مؤجل',0,163,0,0,1,1,30000.00,1),
(162,7,0.00,30000.00,0,'',33,30000.00,'2022-12-20 14:36:55',1,'datedCheckedController.php','الغاء شيك مؤجل',0,162,0,0,1,1,30000.00,1),
(163,7,30000.00,30000.00,0,'',32,60000.00,'2022-12-20 14:37:00',1,'datedCheckedController.php','الغاء شيك مؤجل',0,161,0,0,1,1,30000.00,1),
(164,3,77147.00,55200.00,0,'',141,132347.00,'2022-12-20 14:39:32',1,'datedCheckedController.php','الغاء شيك مؤجل',0,798,0,0,1,1,55200.00,1),
(165,3,132347.00,55200.00,1,'شيك مؤقت لمورد',142,77147.00,'2022-12-20 14:41:26',1,'datedCheckedController.php','اضاÙه شيك مؤجل',0,0,0,0,1,1,55200.00,1),
(166,3,77147.00,55200.00,0,'',142,132347.00,'2022-12-20 14:43:10',1,'datedCheckedController.php','الغاء شيك مؤجل',0,814,0,0,1,1,55200.00,1),
(167,3,132347.00,552000.00,1,'شيك مؤقت لمورد',143,-419653.00,'2022-12-20 14:44:14',1,'datedCheckedController.php','اضاÙه شيك مؤجل',0,0,0,0,1,1,552000.00,1),
(168,3,-419653.00,187648.00,0,'اضاÙة Ùاتورة مشتريات',68,-232005.00,'2022-08-15 14:40:21',1,'buyBillController.php','اضاÙة Ùاتورة مشتريات',0,0,0,0,1,1,187648.00,1),
(169,3,-232005.00,150000.00,1,'ايصال دÙع لمورد',1,-382005.00,'2022-08-15 14:45:46',1,'supplierPayedDeptController.php','شغل درجه مرتجع',0,818,1,-1,1,1,150000.00,1),
(170,3,-382005.00,91776.00,0,'اضاÙة Ùاتورة مشتريات',69,-290229.00,'2022-08-15 14:45:40',1,'buyBillController.php','اضاÙة Ùاتورة مشتريات',0,0,0,0,1,1,91776.00,1),
(171,3,-290229.00,50000.00,1,'ايصال دÙع لمورد',1,-340229.00,'2022-08-24 14:45:22',1,'supplierPayedDeptController.php','',0,820,1,-1,1,1,50000.00,1),
(172,3,-340229.00,167744.00,0,'اضاÙة Ùاتورة مشتريات',70,-172485.00,'2022-08-24 14:45:04',1,'buyBillController.php','اضاÙة Ùاتورة مشتريات',0,0,0,0,1,1,167744.00,1),
(173,3,-172485.00,50000.00,1,'ايصال دÙع لمورد',1,-222485.00,'2022-09-04 14:45:51',1,'supplierPayedDeptController.php','',0,822,1,-1,1,1,50000.00,1),
(174,3,-222485.00,174976.00,0,'اضاÙة Ùاتورة مشتريات',71,-47509.00,'2022-09-04 14:50:25',1,'buyBillController.php','اضاÙة Ùاتورة مشتريات',0,0,0,0,1,1,174976.00,1),
(175,3,-47509.00,50000.00,1,'ايصال دÙع لمورد',1,-97509.00,'2022-09-12 06:50:14',1,'supplierPayedDeptController.php','',0,824,1,-1,1,1,50000.00,1),
(176,3,-97509.00,158004.00,0,'اضاÙة Ùاتورة مشتريات',72,60495.00,'2022-09-12 14:50:39',1,'buyBillController.php','اضاÙة Ùاتورة مشتريات',0,0,0,0,1,1,158004.00,1),
(177,3,60495.00,50000.00,1,'ايصال دÙع لمورد',1,10495.00,'2022-09-21 14:50:04',1,'supplierPayedDeptController.php','',0,826,1,-1,1,1,50000.00,1),
(178,3,10495.00,239052.00,0,'اضاÙة Ùاتورة مشتريات',73,249547.00,'2022-09-21 14:50:53',1,'buyBillController.php','اضاÙة Ùاتورة مشتريات',0,0,0,0,1,1,239052.00,1),
(179,3,249547.00,50000.00,1,'ايصال دÙع لمورد',1,199547.00,'2022-09-25 14:50:35',1,'supplierPayedDeptController.php','',0,828,1,-1,1,1,50000.00,1),
(180,3,199547.00,94776.00,0,'اضاÙة Ùاتورة مشتريات',74,294323.00,'2022-09-25 14:55:12',1,'buyBillController.php','اضاÙة Ùاتورة مشتريات',0,0,0,0,1,1,94776.00,1),
(181,3,294323.00,345000.00,1,'شيك مؤقت لمورد',144,-50677.00,'2022-12-20 14:56:55',1,'datedCheckedController.php','اضاÙه شيك مؤجل',0,0,0,0,1,1,345000.00,1),
(182,3,-50677.00,50000.00,1,'ايصال دÙع لمورد',1,-100677.00,'2022-10-02 14:55:16',1,'supplierPayedDeptController.php','',0,831,1,-1,1,1,50000.00,1),
(183,3,-100677.00,139494.00,0,'اضاÙة Ùاتورة مشتريات',75,38817.00,'2022-10-02 14:55:51',1,'buyBillController.php','اضاÙة Ùاتورة مشتريات',0,0,0,0,1,1,139494.00,1),
(184,3,38817.00,50000.00,1,'ايصال دÙع لمورد',1,-11183.00,'2022-09-05 15:10:00',1,'supplierPayedDeptController.php','',0,833,1,-1,1,1,50000.00,1),
(185,3,-11183.00,112292.00,0,'اضاÙة Ùاتورة مشتريات',76,101109.00,'2022-10-05 04:10:48',1,'buyBillController.php','اضاÙة Ùاتورة مشتريات',0,0,0,0,1,1,112292.00,1),
(186,3,101109.00,50000.00,1,'ايصال دÙع لمورد',1,51109.00,'2022-10-10 15:10:33',1,'supplierPayedDeptController.php','',0,835,1,-1,1,1,50000.00,1),
(187,3,51109.00,375000.00,1,'شيك مؤقت لمورد',145,-323891.00,'2022-12-20 15:13:39',1,'datedCheckedController.php','اضاÙه شيك مؤجل',0,0,0,0,1,1,375000.00,1),
(188,3,-323891.00,103783.00,0,'اضاÙة Ùاتورة مشتريات',77,-220108.00,'2022-10-10 15:10:43',1,'buyBillController.php','اضاÙة Ùاتورة مشتريات',0,0,0,0,1,1,103783.00,1),
(189,3,-220108.00,87234.00,0,'اضاÙة Ùاتورة مشتريات',78,-132874.00,'2022-10-10 15:10:24',1,'buyBillController.php','اضاÙة Ùاتورة مشتريات',0,0,0,0,1,1,87234.00,1),
(190,3,-132874.00,50000.00,1,'ايصال دÙع لمورد',1,-182874.00,'2022-10-19 15:15:22',1,'supplierPayedDeptController.php','',0,839,1,-1,1,1,50000.00,1),
(191,3,-182874.00,214266.00,0,'اضاÙة Ùاتورة مشتريات',79,31392.00,'2022-10-19 15:15:50',1,'buyBillController.php','اضاÙة Ùاتورة مشتريات',0,0,0,0,1,1,214266.00,1),
(192,3,31392.00,50000.00,1,'ايصال دÙع لمورد',1,-18608.00,'2022-10-27 15:30:15',1,'supplierPayedDeptController.php','',0,841,1,-1,1,1,50000.00,1),
(193,3,-18608.00,204149.00,0,'اضاÙة Ùاتورة مشتريات',80,185541.00,'2022-10-27 15:35:20',1,'buyBillController.php','اضاÙة Ùاتورة مشتريات',0,0,0,0,1,1,204149.00,1),
(194,3,185541.00,50000.00,1,'ايصال دÙع لمورد',1,135541.00,'2022-11-05 15:35:27',1,'supplierPayedDeptController.php','',0,843,1,-1,1,1,50000.00,1),
(195,3,135541.00,400000.00,1,'شيك مؤقت لمورد',146,-264459.00,'2022-12-20 15:38:41',1,'datedCheckedController.php','اضاÙه شيك مؤجل',0,0,0,0,1,1,400000.00,1),
(196,3,-264459.00,172391.00,0,'اضاÙة Ùاتورة مشتريات',81,-92068.00,'2022-11-05 05:35:46',1,'buyBillController.php','اضاÙة Ùاتورة مشتريات',0,0,0,0,1,1,172391.00,1),
(197,3,-92068.00,50000.00,1,'ايصال دÙع لمورد',1,-142068.00,'2022-11-23 15:35:46',1,'supplierPayedDeptController.php','',0,846,1,-1,1,1,50000.00,1),
(198,3,-142068.00,206561.00,0,'اضاÙة Ùاتورة مشتريات',82,64493.00,'2022-11-23 15:40:14',1,'buyBillController.php','اضاÙة Ùاتورة مشتريات',0,0,0,0,1,1,206561.00,1),
(199,3,64493.00,50000.00,1,'ايصال دÙع لمورد',1,14493.00,'2022-11-27 15:40:08',1,'supplierPayedDeptController.php','',0,848,1,-1,1,1,50000.00,1),
(200,3,14493.00,139025.00,0,'اضاÙة Ùاتورة مشتريات',83,153518.00,'2022-11-27 15:40:45',1,'buyBillController.php','اضاÙة Ùاتورة مشتريات',0,0,0,0,1,1,139025.00,1),
(201,3,153518.00,65526.00,0,'اضاÙة Ùاتورة مشتريات',84,219044.00,'2022-12-03 15:45:45',1,'buyBillController.php','اضاÙة Ùاتورة مشتريات',0,0,0,0,1,1,65526.00,1),
(202,3,219044.00,50000.00,1,'ايصال دÙع لمورد',1,169044.00,'2022-12-03 15:45:39',1,'supplierPayedDeptController.php','',0,851,1,-1,1,1,50000.00,1),
(203,3,169044.00,87502.00,0,'اضاÙة Ùاتورة مشتريات',85,256546.00,'2022-12-03 15:45:16',1,'buyBillController.php','اضاÙة Ùاتورة مشتريات',0,0,0,0,1,1,87502.00,1),
(204,3,256546.00,50000.00,1,'ايصال دÙع لمورد',1,206546.00,'2022-12-08 09:45:07',1,'supplierPayedDeptController.php','',0,853,1,-1,1,1,50000.00,1),
(205,3,206546.00,450000.00,1,'شيك مؤقت لمورد',147,-243454.00,'2022-12-20 15:49:31',1,'datedCheckedController.php','اضاÙه شيك مؤجل',0,0,0,0,1,1,450000.00,1),
(206,3,-243454.00,168153.00,0,'اضاÙة Ùاتورة مشتريات',86,-75301.00,'2022-12-08 15:45:35',1,'buyBillController.php','اضاÙة Ùاتورة مشتريات',0,0,0,0,1,1,168153.00,1),
(207,3,-75301.00,50000.00,1,'ايصال دÙع لمورد',1,-125301.00,'2022-12-14 15:55:07',1,'supplierPayedDeptController.php','',0,856,1,-1,1,1,50000.00,1),
(208,3,-125301.00,50000.00,1,'شيك مؤقت لمورد',148,-175301.00,'2022-12-20 15:57:23',1,'datedCheckedController.php','اضاÙه شيك مؤجل',0,0,0,0,1,1,50000.00,1),
(209,3,-175301.00,159525.00,0,'اضاÙة Ùاتورة مشتريات',87,-15776.00,'2022-12-20 16:05:29',1,'buyBillController.php','اضاÙة Ùاتورة مشتريات',0,0,0,0,1,1,159525.00,1),
(210,3,-15776.00,75000.00,1,'ايصال دÙع لمورد',1,-90776.00,'2022-12-19 16:15:47',1,'supplierPayedDeptController.php','',0,859,1,-1,1,1,75000.00,1),
(211,3,-90776.00,162336.00,0,'اضاÙة Ùاتورة مشتريات',88,71560.00,'2022-12-19 16:20:12',1,'buyBillController.php','اضاÙة Ùاتورة مشتريات',0,0,0,0,1,1,162336.00,1),
(212,3,71560.00,3.00,1,'تسوية عجز مورد بالخصم',-1,71557.00,'2023-01-02 14:01:41',1,'supplierDeficitController.php','',0,942,0,0,1,1,3.00,1),
(213,3,71557.00,100000.00,1,'ايصال دÙع لمورد',1,-28443.00,'2022-12-25 14:00:47',1,'supplierPayedDeptController.php','',0,943,1,-1,1,1,100000.00,1),
(214,3,-28443.00,175890.00,0,'اضاÙة Ùاتورة مشتريات',89,147447.00,'2022-12-25 14:00:21',1,'buyBillController.php','اضاÙة Ùاتورة مشتريات',0,0,0,0,1,1,175890.00,1),
(215,3,147447.00,150000.00,1,'ايصال دÙع لمورد',1,-2553.00,'2023-01-02 16:20:27',1,'supplierPayedDeptController.php','',0,971,1,-1,1,1,150000.00,1),
(216,3,-2553.00,162474.00,0,'اضاÙة Ùاتورة مشتريات',90,159921.00,'2023-01-02 16:25:14',1,'buyBillController.php','اضاÙة Ùاتورة مشتريات',0,0,0,0,1,1,162474.00,1),
(217,3,159921.00,100000.00,1,'ايصال دÙع لمورد',1,59921.00,'2023-01-15 16:35:35',1,'supplierPayedDeptController.php','',0,1023,1,-1,1,1,100000.00,1),
(218,3,59921.00,308646.00,0,'اضاÙة Ùاتورة مشتريات',91,368567.00,'2023-01-15 16:35:50',1,'buyBillController.php','اضاÙة Ùاتورة مشتريات',0,0,0,0,1,1,308646.00,1),
(219,3,368567.00,50000.00,1,'ايصال دÙع لمورد',1,318567.00,'2023-01-16 16:40:00',1,'supplierPayedDeptController.php','',0,1025,1,-1,1,1,50000.00,1),
(220,3,318567.00,139698.00,0,'اضاÙة Ùاتورة مشتريات',92,458265.00,'2023-01-16 16:40:45',1,'buyBillController.php','اضاÙة Ùاتورة مشتريات',0,0,0,0,1,1,139698.00,1),
(221,3,458265.00,50000.00,1,'ايصال دÙع لمورد',1,408265.00,'2023-01-19 16:45:07',1,'supplierPayedDeptController.php','',0,1027,1,-1,1,1,50000.00,1),
(222,3,408265.00,1.00,1,'ايصال دÙع لمورد',1,408264.00,'2023-03-13 14:35:23',1,'supplierPayedDeptController.php','',1,1314,1,-1,1,1,1.00,1),
(223,3,408264.00,1.00,1,'ايصال دÙع لمورد',1,408263.00,'2023-03-13 14:37:17',1,'supplierPayedDeptController.php','',1,1315,1,-1,1,1,1.00,1),
(224,3,408263.00,1.00,0,'الغاء سداد ديون مورد معين',-1,408264.00,'2023-03-13 14:37:59',1,'supplierPayedDeptController.php','delRow223',1,1315,NULL,NULL,1,1,1.00,1),
(225,3,408264.00,1.00,0,'الغاء سداد ديون مورد معين',-1,408265.00,'2023-03-13 14:38:19',1,'supplierPayedDeptController.php','delRow222',1,1314,NULL,NULL,1,1,1.00,1);

--
-- Table structure for table `tamweenbill`
--

CREATE TABLE `tamweenbill` (
  `id` int(11) NOT NULL AUTO_INCREMENT,
  `clientid` int(11) NOT NULL,
  `quantity` int(11) NOT NULL,
  `billdate` datetime NOT NULL,
  `billMonthDays` int(11) NOT NULL,
  `comment` text CHARACTER SET utf8mb4 COLLATE utf8mb4_unicode_ci NOT NULL,
  `userid` int(11) NOT NULL,
  `sysdate` datetime NOT NULL,
  `del` int(11) NOT NULL,
  PRIMARY KEY (`id`)
) ENGINE=InnoDB DEFAULT CHARSET=latin1 COLLATE=latin1_swedish_ci;

--
-- Dumping data for table `tamweenbill`
--


--
-- Table structure for table `tamweenda3mstatus`
--

CREATE TABLE `tamweenda3mstatus` (
  `id` int(11) NOT NULL AUTO_INCREMENT,
  `clientid` int(11) NOT NULL,
  `month` date NOT NULL,
  `tamweenStatus` tinyint(4) NOT NULL COMMENT '0 client didnot take it,1 client take it',
  `da3mStatus` tinyint(4) NOT NULL COMMENT '0 client didnot take it,1 client take it,   bread is in da3m',
  `userid` int(11) NOT NULL,
  `sysdate` datetime NOT NULL,
  `del` tinyint(4) NOT NULL,
  `useridTamween` int(11) NOT NULL,
  `sysdateTamween` datetime NOT NULL,
  PRIMARY KEY (`id`)
) ENGINE=InnoDB DEFAULT CHARSET=latin1 COLLATE=latin1_swedish_ci;

--
-- Dumping data for table `tamweenda3mstatus`
--


--
-- Table structure for table `tamweenremainstatus`
--

CREATE TABLE `tamweenremainstatus` (
  `id` int(11) NOT NULL AUTO_INCREMENT,
  `clientid` int(11) NOT NULL,
  `month` date NOT NULL,
  `remainstatus` tinyint(4) NOT NULL COMMENT '0 didnot take it, 1 take it',
  `userid` int(11) NOT NULL,
  `sysdate` datetime NOT NULL,
  `del` tinyint(4) NOT NULL,
  PRIMARY KEY (`id`)
) ENGINE=InnoDB DEFAULT CHARSET=latin1 COLLATE=latin1_swedish_ci;

--
-- Dumping data for table `tamweenremainstatus`
--


--
-- Table structure for table `taskorder`
--

CREATE TABLE `taskorder` (
  `id` int(11) NOT NULL AUTO_INCREMENT,
  `title` varchar(255) NOT NULL,
  `startdate` date NOT NULL,
  `enddate` date NOT NULL,
  `productId` int(11) NOT NULL,
  `num` int(11) NOT NULL,
  `userId` int(11) NOT NULL,
  `thedate` date NOT NULL,
  `conditions` int(11) NOT NULL DEFAULT 0 COMMENT '0 for notdel- 1for del',
  `clientid` int(11) NOT NULL,
  `file` varchar(255) DEFAULT NULL,
  PRIMARY KEY (`id`)
) ENGINE=InnoDB DEFAULT CHARSET=latin1 COLLATE=latin1_swedish_ci;

--
-- Dumping data for table `taskorder`
--


--
-- Table structure for table `taskorderproducts`
--

CREATE TABLE `taskorderproducts` (
  `id` int(11) NOT NULL AUTO_INCREMENT,
  `taskorderid` int(11) NOT NULL,
  `productid` int(11) NOT NULL,
  `unitid` int(11) NOT NULL,
  `quantity` decimal(10,2) NOT NULL,
  PRIMARY KEY (`id`)
) ENGINE=InnoDB DEFAULT CHARSET=latin1 COLLATE=latin1_swedish_ci;

--
-- Dumping data for table `taskorderproducts`
--


--
-- Table structure for table `temreturnsellbill`
--

CREATE TABLE `temreturnsellbill` (
  `returnsellbillid` int(11) NOT NULL AUTO_INCREMENT,
  `returnsellbilldate` date DEFAULT NULL,
  `returnsellbillserial` varchar(255) DEFAULT NULL,
  `returnsellbillclientid` int(11) NOT NULL,
  `returnsellbilltotaldeptbefor` decimal(10,2) NOT NULL,
  `returnsellbilltotaldeptafter` decimal(10,2) NOT NULL,
  `returnsellbilldiscount` varchar(255) NOT NULL DEFAULT '',
  `returnsellbilldiscounttype` int(11) NOT NULL DEFAULT 1 COMMENT '1 for direct- 2 for percent',
  `returnsellbilltotalbill` decimal(10,2) NOT NULL,
  `returnsellbillaftertotalbill` decimal(10,2) NOT NULL,
  `returnsellbilltotalpayed` decimal(10,2) NOT NULL,
  `returnsellbillfinalbill` decimal(10,2) NOT NULL,
  `returnsellbillstoreid` int(11) NOT NULL,
  `returnsellbillsysdate` date NOT NULL,
  `userid` int(11) NOT NULL,
  `conditions` int(11) NOT NULL DEFAULT 0,
  `returnsellbillclientname` text NOT NULL,
  `returnsellbillsaveid` int(11) NOT NULL,
  `returnsellbildirectpayment` int(11) NOT NULL DEFAULT 0 COMMENT 'ÃƒÆ’Ã†â€™Ãƒâ€ Ã¢â‚¬â„¢ÃƒÆ’Ã¢â‚¬Â ÃƒÂ¢Ã¢â€šÂ¬Ã¢â€žÂ¢ÃƒÆ’Ã†â€™ÃƒÂ¢Ã¢â€šÂ¬Ã‚Â ÃƒÆ’Ã‚Â¢ÃƒÂ¢Ã¢â‚¬Å¡Ã‚Â¬ÃƒÂ¢Ã¢â‚¬Å¾Ã‚Â¢ÃƒÆ’Ã†â€™Ãƒâ€ Ã¢â‚¬â„¢ÃƒÆ’Ã‚Â¢ÃƒÂ¢Ã¢â‚¬Å¡Ã‚Â¬Ãƒâ€šÃ‚Â ÃƒÆ’Ã†â€™Ãƒâ€šÃ‚Â¢ÃƒÆ’Ã‚Â¢ÃƒÂ¢Ã¢â€šÂ¬Ã…Â¡Ãƒâ€šÃ‚Â¬ÃƒÆ’Ã‚Â¢ÃƒÂ¢Ã¢â€šÂ¬Ã…Â¾Ãƒâ€šÃ‚Â¢ÃƒÆ’Ã†â€™Ãƒâ€ Ã¢â‚¬â„¢ÃƒÆ’Ã¢â‚¬Â ÃƒÂ¢Ã¢â€šÂ¬Ã¢â€žÂ¢ÃƒÆ’Ã†â€™Ãƒâ€šÃ‚Â¢ÃƒÆ’Ã‚Â¢ÃƒÂ¢Ã¢â€šÂ¬Ã…Â¡Ãƒâ€šÃ‚Â¬ÃƒÆ’Ã¢â‚¬Å¡Ãƒâ€šÃ‚Â ÃƒÆ’Ã†â€™Ãƒâ€ Ã¢â‚¬â„¢ÃƒÆ’Ã¢â‚¬Å¡Ãƒâ€šÃ‚Â¢ÃƒÆ’Ã†â€™Ãƒâ€šÃ‚Â¢ÃƒÆ’Ã‚Â¢ÃƒÂ¢Ã¢â‚¬Å¡Ã‚Â¬Ãƒâ€¦Ã‚',
  `billnameid` int(11) NOT NULL,
  `sellerid` int(11) NOT NULL,
  `tempclientName` varchar(255) NOT NULL,
  `returnsellQuantity` decimal(10,2) NOT NULL COMMENT 'ÃƒÆ’Ã†â€™Ãƒâ€ Ã¢â‚¬â„¢ÃƒÆ’Ã¢â‚¬Â ÃƒÂ¢Ã¢â€šÂ¬Ã¢â€žÂ¢ÃƒÆ’Ã†â€™ÃƒÂ¢Ã¢â€šÂ¬Ã‚Â ÃƒÆ’Ã‚Â¢ÃƒÂ¢Ã¢â‚¬Å¡Ã‚Â¬ÃƒÂ¢Ã¢â‚¬Å¾Ã‚Â¢ÃƒÆ’Ã†â€™Ãƒâ€ Ã¢â‚¬â„¢ÃƒÆ’Ã‚Â¢ÃƒÂ¢Ã¢â‚¬Å¡Ã‚Â¬Ãƒâ€šÃ‚Â ÃƒÆ’Ã†â€™Ãƒâ€šÃ‚Â¢ÃƒÆ’Ã‚Â¢ÃƒÂ¢Ã¢â€šÂ¬Ã…Â¡Ãƒâ€šÃ‚Â¬ÃƒÆ’Ã‚Â¢ÃƒÂ¢Ã¢â€šÂ¬Ã…Â¾Ãƒâ€šÃ‚Â¢ÃƒÆ’Ã†â€™Ãƒâ€ Ã¢â‚¬â„¢ÃƒÆ’Ã¢â‚¬Â ÃƒÂ¢Ã¢â€šÂ¬Ã¢â€žÂ¢ÃƒÆ’Ã†â€™Ãƒâ€šÃ‚Â¢ÃƒÆ’Ã‚Â¢ÃƒÂ¢Ã¢â€šÂ¬Ã…Â¡Ãƒâ€šÃ‚Â¬ÃƒÆ’Ã¢â‚¬Å¡Ãƒâ€šÃ‚Â ÃƒÆ’Ã†â€™Ãƒâ€ Ã¢â‚¬â„¢ÃƒÆ’Ã¢â‚¬Å¡Ãƒâ€šÃ‚Â¢ÃƒÆ’Ã†â€™Ãƒâ€šÃ‚Â¢ÃƒÆ’Ã‚Â¢ÃƒÂ¢Ã¢â‚¬Å¡Ã‚Â¬Ãƒâ€¦Ã‚',
  `deletedsellid` int(11) NOT NULL DEFAULT 0,
  `controlname` varchar(255) NOT NULL DEFAULT '0',
  `tax` decimal(10,2) NOT NULL DEFAULT 0.00,
  PRIMARY KEY (`returnsellbillid`)
) ENGINE=InnoDB DEFAULT CHARSET=utf8mb3 COLLATE=utf8mb3_general_ci;

--
-- Dumping data for table `temreturnsellbill`
--


--
-- Table structure for table `temreturnsellbilldetail`
--

CREATE TABLE `temreturnsellbilldetail` (
  `returnsellbilldetailid` int(11) NOT NULL AUTO_INCREMENT,
  `buyprice` decimal(10,2) NOT NULL,
  `parcode` varchar(256) NOT NULL DEFAULT '',
  `returnsellbillid` int(11) NOT NULL,
  `returnsellbilldetailcatid` int(11) NOT NULL,
  `returnsellbilldetailproductid` int(11) NOT NULL,
  `returnsellbilldetailquantity` decimal(10,2) NOT NULL,
  `returnsellbilldetailprice` decimal(10,2) NOT NULL,
  `returnsellbilldetailtotalprice` decimal(10,2) NOT NULL,
  `conditions` decimal(10,2) NOT NULL,
  `note` varchar(256) DEFAULT NULL,
  `pricetype` int(11) NOT NULL DEFAULT 0 COMMENT 'ÃƒÆ’Ã†â€™Ãƒâ€ Ã¢â‚¬â„¢ÃƒÆ’Ã¢â‚¬Â ÃƒÂ¢Ã¢â€šÂ¬Ã¢â€žÂ¢ÃƒÆ’Ã†â€™ÃƒÂ¢Ã¢â€šÂ¬Ã‚Â ÃƒÆ’Ã‚Â¢ÃƒÂ¢Ã¢â‚¬Å¡Ã‚Â¬ÃƒÂ¢Ã¢â‚¬Å¾Ã‚Â¢ÃƒÆ’Ã†â€™Ãƒâ€ Ã¢â‚¬â„¢ÃƒÆ’Ã‚Â¢ÃƒÂ¢Ã¢â‚¬Å¡Ã‚Â¬Ãƒâ€šÃ‚Â ÃƒÆ’Ã†â€™Ãƒâ€šÃ‚Â¢ÃƒÆ’Ã‚Â¢ÃƒÂ¢Ã¢â€šÂ¬Ã…Â¡Ãƒâ€šÃ‚Â¬ÃƒÆ’Ã‚Â¢ÃƒÂ¢Ã¢â€šÂ¬Ã…Â¾Ãƒâ€šÃ‚Â¢ÃƒÆ’Ã†â€™Ãƒâ€ Ã¢â‚¬â„¢ÃƒÆ’Ã¢â‚¬Â ÃƒÂ¢Ã¢â€šÂ¬Ã¢â€žÂ¢ÃƒÆ’Ã†â€™Ãƒâ€šÃ‚Â¢ÃƒÆ’Ã‚Â¢ÃƒÂ¢Ã¢â€šÂ¬Ã…Â¡Ãƒâ€šÃ‚Â¬ÃƒÆ’Ã¢â‚¬Å¡Ãƒâ€šÃ‚Â ÃƒÆ’Ã†â€™Ãƒâ€ Ã¢â‚¬â„¢ÃƒÆ’Ã¢â‚¬Å¡Ãƒâ€šÃ‚Â¢ÃƒÆ’Ã†â€™Ãƒâ€šÃ‚Â¢ÃƒÆ’Ã‚Â¢ÃƒÂ¢Ã¢â‚¬Å¡Ã‚Â¬Ãƒâ€¦Ã‚',
  `discountvalue` decimal(10,2) NOT NULL,
  `productunitid` int(11) NOT NULL,
  `buydiscount` decimal(10,2) NOT NULL,
  `buydiscounttype` int(11) NOT NULL,
  `storeid` int(11) NOT NULL DEFAULT 0,
  `actualqty` int(11) NOT NULL,
  PRIMARY KEY (`returnsellbilldetailid`)
) ENGINE=InnoDB DEFAULT CHARSET=utf8mb3 COLLATE=utf8mb3_general_ci;

--
-- Dumping data for table `temreturnsellbilldetail`
--


--
-- Table structure for table `temsellandruternbilldetail`
--

CREATE TABLE `temsellandruternbilldetail` (
  `buyprice` decimal(10,2) NOT NULL,
  `parcode` varchar(256) NOT NULL DEFAULT '',
  `sellbilldetailid` int(11) NOT NULL AUTO_INCREMENT,
  `sellbillid` int(11) NOT NULL,
  `sellbilldetailcatid` int(11) NOT NULL,
  `sellbilldetailproductid` int(11) NOT NULL,
  `sellbilldetailquantity` decimal(10,2) NOT NULL,
  `sellbilldetailprice` decimal(10,2) NOT NULL,
  `sellbilldetailtotalprice` decimal(10,2) NOT NULL,
  `discountvalue` decimal(10,2) NOT NULL,
  `note` varchar(256) DEFAULT NULL,
  `pricetype` int(11) NOT NULL DEFAULT 0 COMMENT 'ÃƒÆ’Ã†â€™Ãƒâ€ Ã¢â‚¬â„¢ÃƒÆ’Ã¢â‚¬Â ÃƒÂ¢Ã¢â€šÂ¬Ã¢â€žÂ¢ÃƒÆ’Ã†â€™ÃƒÂ¢Ã¢â€šÂ¬Ã‚Â ÃƒÆ’Ã‚Â¢ÃƒÂ¢Ã¢â‚¬Å¡Ã‚Â¬ÃƒÂ¢Ã¢â‚¬Å¾Ã‚Â¢ÃƒÆ’Ã†â€™Ãƒâ€ Ã¢â‚¬â„¢ÃƒÆ’Ã‚Â¢ÃƒÂ¢Ã¢â‚¬Å¡Ã‚Â¬Ãƒâ€šÃ‚Â ÃƒÆ’Ã†â€™Ãƒâ€šÃ‚Â¢ÃƒÆ’Ã‚Â¢ÃƒÂ¢Ã¢â€šÂ¬Ã…Â¡Ãƒâ€šÃ‚Â¬ÃƒÆ’Ã‚Â¢ÃƒÂ¢Ã¢â€šÂ¬Ã…Â¾Ãƒâ€šÃ‚Â¢ÃƒÆ’Ã†â€™Ãƒâ€ Ã¢â‚¬â„¢ÃƒÆ’Ã¢â‚¬Â ÃƒÂ¢Ã¢â€šÂ¬Ã¢â€žÂ¢ÃƒÆ’Ã†â€™Ãƒâ€šÃ‚Â¢ÃƒÆ’Ã‚Â¢ÃƒÂ¢Ã¢â€šÂ¬Ã…Â¡Ãƒâ€šÃ‚Â¬ÃƒÆ’Ã¢â‚¬Å¡Ãƒâ€šÃ‚Â ÃƒÆ’Ã†â€™Ãƒâ€ Ã¢â‚¬â„¢ÃƒÆ’Ã¢â‚¬Å¡Ãƒâ€šÃ‚Â¢ÃƒÆ’Ã†â€™Ãƒâ€šÃ‚Â¢ÃƒÆ’Ã‚Â¢ÃƒÂ¢Ã¢â‚¬Å¡Ã‚Â¬Ãƒâ€¦Ã‚',
  `sellbilldetaildate` date NOT NULL,
  `selltype` int(11) NOT NULL COMMENT '0 for sell 1 for return',
  `productunitid` int(11) NOT NULL,
  `buydiscount` decimal(10,2) NOT NULL,
  `buydiscounttype` int(11) NOT NULL,
  `storeid` int(11) NOT NULL DEFAULT 0,
  `actualqty` int(11) NOT NULL,
  PRIMARY KEY (`sellbilldetailid`)
) ENGINE=InnoDB DEFAULT CHARSET=utf8mb3 COLLATE=utf8mb3_general_ci;

--
-- Dumping data for table `temsellandruternbilldetail`
--


--
-- Table structure for table `temsellbill`
--

CREATE TABLE `temsellbill` (
  `sellbillid` int(11) NOT NULL AUTO_INCREMENT,
  `sellbilldate` date DEFAULT NULL,
  `sellbillserial` varchar(255) DEFAULT NULL,
  `sellbillclientid` int(11) NOT NULL DEFAULT 0,
  `sellbilltotaldeptbefor` decimal(10,2) NOT NULL,
  `sellbilltotaldeptafter` decimal(10,2) NOT NULL,
  `sellbilldiscount` varchar(255) NOT NULL DEFAULT '',
  `sellbilldiscounttype` int(11) NOT NULL DEFAULT 0,
  `sellbilltotalbill` decimal(10,2) NOT NULL COMMENT 'ÃƒÆ’Ã†â€™Ãƒâ€ Ã¢â‚¬â„¢ÃƒÆ’Ã¢â‚¬Â ÃƒÂ¢Ã¢â€šÂ¬Ã¢â€žÂ¢ÃƒÆ’Ã†â€™ÃƒÂ¢Ã¢â€šÂ¬Ã‚Â ÃƒÆ’Ã‚Â¢ÃƒÂ¢Ã¢â‚¬Å¡Ã‚Â¬ÃƒÂ¢Ã¢â‚¬Å¾Ã‚Â¢ÃƒÆ’Ã†â€™Ãƒâ€ Ã¢â‚¬â„¢ÃƒÆ’Ã‚Â¢ÃƒÂ¢Ã¢â‚¬Å¡Ã‚Â¬Ãƒâ€šÃ‚Â ÃƒÆ’Ã†â€™Ãƒâ€šÃ‚Â¢ÃƒÆ’Ã‚Â¢ÃƒÂ¢Ã¢â€šÂ¬Ã…Â¡Ãƒâ€šÃ‚Â¬ÃƒÆ’Ã‚Â¢ÃƒÂ¢Ã¢â€šÂ¬Ã…Â¾Ãƒâ€šÃ‚Â¢ÃƒÆ’Ã†â€™Ãƒâ€ Ã¢â‚¬â„¢ÃƒÆ’Ã¢â‚¬Â ÃƒÂ¢Ã¢â€šÂ¬Ã¢â€žÂ¢ÃƒÆ’Ã†â€™Ãƒâ€šÃ‚Â¢ÃƒÆ’Ã‚Â¢ÃƒÂ¢Ã¢â€šÂ¬Ã…Â¡Ãƒâ€šÃ‚Â¬ÃƒÆ’Ã¢â‚¬Å¡Ãƒâ€šÃ‚Â ÃƒÆ’Ã†â€™Ãƒâ€ Ã¢â‚¬â„¢ÃƒÆ’Ã¢â‚¬Å¡Ãƒâ€šÃ‚Â¢ÃƒÆ’Ã†â€™Ãƒâ€šÃ‚Â¢ÃƒÆ’Ã‚Â¢ÃƒÂ¢Ã¢â‚¬Å¡Ã‚Â¬Ãƒâ€¦Ã‚',
  `sellbillaftertotalbill` decimal(10,2) NOT NULL COMMENT 'ÃƒÆ’Ã†â€™Ãƒâ€ Ã¢â‚¬â„¢ÃƒÆ’Ã¢â‚¬Â ÃƒÂ¢Ã¢â€šÂ¬Ã¢â€žÂ¢ÃƒÆ’Ã†â€™ÃƒÂ¢Ã¢â€šÂ¬Ã‚Â ÃƒÆ’Ã‚Â¢ÃƒÂ¢Ã¢â‚¬Å¡Ã‚Â¬ÃƒÂ¢Ã¢â‚¬Å¾Ã‚Â¢ÃƒÆ’Ã†â€™Ãƒâ€ Ã¢â‚¬â„¢ÃƒÆ’Ã‚Â¢ÃƒÂ¢Ã¢â‚¬Å¡Ã‚Â¬Ãƒâ€šÃ‚Â ÃƒÆ’Ã†â€™Ãƒâ€šÃ‚Â¢ÃƒÆ’Ã‚Â¢ÃƒÂ¢Ã¢â€šÂ¬Ã…Â¡Ãƒâ€šÃ‚Â¬ÃƒÆ’Ã‚Â¢ÃƒÂ¢Ã¢â€šÂ¬Ã…Â¾Ãƒâ€šÃ‚Â¢ÃƒÆ’Ã†â€™Ãƒâ€ Ã¢â‚¬â„¢ÃƒÆ’Ã¢â‚¬Â ÃƒÂ¢Ã¢â€šÂ¬Ã¢â€žÂ¢ÃƒÆ’Ã†â€™Ãƒâ€šÃ‚Â¢ÃƒÆ’Ã‚Â¢ÃƒÂ¢Ã¢â€šÂ¬Ã…Â¡Ãƒâ€šÃ‚Â¬ÃƒÆ’Ã¢â‚¬Å¡Ãƒâ€šÃ‚Â ÃƒÆ’Ã†â€™Ãƒâ€ Ã¢â‚¬â„¢ÃƒÆ’Ã¢â‚¬Å¡Ãƒâ€šÃ‚Â¢ÃƒÆ’Ã†â€™Ãƒâ€šÃ‚Â¢ÃƒÆ’Ã‚Â¢ÃƒÂ¢Ã¢â‚¬Å¡Ã‚Â¬Ãƒâ€¦Ã‚',
  `sellbilltotalpayed` decimal(10,2) NOT NULL COMMENT 'ÃƒÆ’Ã†â€™Ãƒâ€ Ã¢â‚¬â„¢ÃƒÆ’Ã¢â‚¬Â ÃƒÂ¢Ã¢â€šÂ¬Ã¢â€žÂ¢ÃƒÆ’Ã†â€™ÃƒÂ¢Ã¢â€šÂ¬Ã‚Â ÃƒÆ’Ã‚Â¢ÃƒÂ¢Ã¢â‚¬Å¡Ã‚Â¬ÃƒÂ¢Ã¢â‚¬Å¾Ã‚Â¢ÃƒÆ’Ã†â€™Ãƒâ€ Ã¢â‚¬â„¢ÃƒÆ’Ã‚Â¢ÃƒÂ¢Ã¢â‚¬Å¡Ã‚Â¬Ãƒâ€šÃ‚Â ÃƒÆ’Ã†â€™Ãƒâ€šÃ‚Â¢ÃƒÆ’Ã‚Â¢ÃƒÂ¢Ã¢â€šÂ¬Ã…Â¡Ãƒâ€šÃ‚Â¬ÃƒÆ’Ã‚Â¢ÃƒÂ¢Ã¢â€šÂ¬Ã…Â¾Ãƒâ€šÃ‚Â¢ÃƒÆ’Ã†â€™Ãƒâ€ Ã¢â‚¬â„¢ÃƒÆ’Ã¢â‚¬Â ÃƒÂ¢Ã¢â€šÂ¬Ã¢â€žÂ¢ÃƒÆ’Ã†â€™Ãƒâ€šÃ‚Â¢ÃƒÆ’Ã‚Â¢ÃƒÂ¢Ã¢â€šÂ¬Ã…Â¡Ãƒâ€šÃ‚Â¬ÃƒÆ’Ã¢â‚¬Å¡Ãƒâ€šÃ‚Â ÃƒÆ’Ã†â€™Ãƒâ€ Ã¢â‚¬â„¢ÃƒÆ’Ã¢â‚¬Å¡Ãƒâ€šÃ‚Â¢ÃƒÆ’Ã†â€™Ãƒâ€šÃ‚Â¢ÃƒÆ’Ã‚Â¢ÃƒÂ¢Ã¢â‚¬Å¡Ã‚Â¬Ãƒâ€¦Ã‚',
  `sellbillfinalbill` decimal(10,2) NOT NULL COMMENT 'ÃƒÆ’Ã†â€™Ãƒâ€ Ã¢â‚¬â„¢ÃƒÆ’Ã¢â‚¬Â ÃƒÂ¢Ã¢â€šÂ¬Ã¢â€žÂ¢ÃƒÆ’Ã†â€™ÃƒÂ¢Ã¢â€šÂ¬Ã‚Â ÃƒÆ’Ã‚Â¢ÃƒÂ¢Ã¢â‚¬Å¡Ã‚Â¬ÃƒÂ¢Ã¢â‚¬Å¾Ã‚Â¢ÃƒÆ’Ã†â€™Ãƒâ€ Ã¢â‚¬â„¢ÃƒÆ’Ã‚Â¢ÃƒÂ¢Ã¢â‚¬Å¡Ã‚Â¬Ãƒâ€šÃ‚Â ÃƒÆ’Ã†â€™Ãƒâ€šÃ‚Â¢ÃƒÆ’Ã‚Â¢ÃƒÂ¢Ã¢â€šÂ¬Ã…Â¡Ãƒâ€šÃ‚Â¬ÃƒÆ’Ã‚Â¢ÃƒÂ¢Ã¢â€šÂ¬Ã…Â¾Ãƒâ€šÃ‚Â¢ÃƒÆ’Ã†â€™Ãƒâ€ Ã¢â‚¬â„¢ÃƒÆ’Ã¢â‚¬Â ÃƒÂ¢Ã¢â€šÂ¬Ã¢â€žÂ¢ÃƒÆ’Ã†â€™Ãƒâ€šÃ‚Â¢ÃƒÆ’Ã‚Â¢ÃƒÂ¢Ã¢â€šÂ¬Ã…Â¡Ãƒâ€šÃ‚Â¬ÃƒÆ’Ã¢â‚¬Å¡Ãƒâ€šÃ‚Â ÃƒÆ’Ã†â€™Ãƒâ€ Ã¢â‚¬â„¢ÃƒÆ’Ã¢â‚¬Å¡Ãƒâ€šÃ‚Â¢ÃƒÆ’Ã†â€™Ãƒâ€šÃ‚Â¢ÃƒÆ’Ã‚Â¢ÃƒÂ¢Ã¢â‚¬Å¡Ã‚Â¬Ãƒâ€¦Ã‚',
  `sellbillstoreid` int(11) NOT NULL,
  `sellbillsysdate` date NOT NULL,
  `userid` int(11) NOT NULL,
  `conditions` int(11) NOT NULL DEFAULT 0,
  `sellbillclientname` text NOT NULL,
  `sellbillsaveid` int(11) NOT NULL,
  `sellbildirectpayment` int(11) NOT NULL COMMENT 'ÃƒÆ’Ã†â€™Ãƒâ€ Ã¢â‚¬â„¢ÃƒÆ’Ã¢â‚¬Â ÃƒÂ¢Ã¢â€šÂ¬Ã¢â€žÂ¢ÃƒÆ’Ã†â€™ÃƒÂ¢Ã¢â€šÂ¬Ã‚Â ÃƒÆ’Ã‚Â¢ÃƒÂ¢Ã¢â‚¬Å¡Ã‚Â¬ÃƒÂ¢Ã¢â‚¬Å¾Ã‚Â¢ÃƒÆ’Ã†â€™Ãƒâ€ Ã¢â‚¬â„¢ÃƒÆ’Ã‚Â¢ÃƒÂ¢Ã¢â‚¬Å¡Ã‚Â¬Ãƒâ€šÃ‚Â ÃƒÆ’Ã†â€™Ãƒâ€šÃ‚Â¢ÃƒÆ’Ã‚Â¢ÃƒÂ¢Ã¢â€šÂ¬Ã…Â¡Ãƒâ€šÃ‚Â¬ÃƒÆ’Ã‚Â¢ÃƒÂ¢Ã¢â€šÂ¬Ã…Â¾Ãƒâ€šÃ‚Â¢ÃƒÆ’Ã†â€™Ãƒâ€ Ã¢â‚¬â„¢ÃƒÆ’Ã¢â‚¬Â ÃƒÂ¢Ã¢â€šÂ¬Ã¢â€žÂ¢ÃƒÆ’Ã†â€™Ãƒâ€šÃ‚Â¢ÃƒÆ’Ã‚Â¢ÃƒÂ¢Ã¢â€šÂ¬Ã…Â¡Ãƒâ€šÃ‚Â¬ÃƒÆ’Ã¢â‚¬Å¡Ãƒâ€šÃ‚Â ÃƒÆ’Ã†â€™Ãƒâ€ Ã¢â‚¬â„¢ÃƒÆ’Ã¢â‚¬Å¡Ãƒâ€šÃ‚Â¢ÃƒÆ’Ã†â€™Ãƒâ€šÃ‚Â¢ÃƒÆ’Ã‚Â¢ÃƒÂ¢Ã¢â‚¬Å¡Ã‚Â¬Ãƒâ€¦Ã‚',
  `billnameid` int(11) NOT NULL,
  `sellerid` int(11) NOT NULL,
  `tempclientName` varchar(255) NOT NULL,
  `sellQuantity` decimal(10,2) NOT NULL COMMENT 'ÃƒÆ’Ã†â€™Ãƒâ€ Ã¢â‚¬â„¢ÃƒÆ’Ã¢â‚¬Â ÃƒÂ¢Ã¢â€šÂ¬Ã¢â€žÂ¢ÃƒÆ’Ã†â€™ÃƒÂ¢Ã¢â€šÂ¬Ã‚Â ÃƒÆ’Ã‚Â¢ÃƒÂ¢Ã¢â‚¬Å¡Ã‚Â¬ÃƒÂ¢Ã¢â‚¬Å¾Ã‚Â¢ÃƒÆ’Ã†â€™Ãƒâ€ Ã¢â‚¬â„¢ÃƒÆ’Ã‚Â¢ÃƒÂ¢Ã¢â‚¬Å¡Ã‚Â¬Ãƒâ€šÃ‚Â ÃƒÆ’Ã†â€™Ãƒâ€šÃ‚Â¢ÃƒÆ’Ã‚Â¢ÃƒÂ¢Ã¢â€šÂ¬Ã…Â¡Ãƒâ€šÃ‚Â¬ÃƒÆ’Ã‚Â¢ÃƒÂ¢Ã¢â€šÂ¬Ã…Â¾Ãƒâ€šÃ‚Â¢ÃƒÆ’Ã†â€™Ãƒâ€ Ã¢â‚¬â„¢ÃƒÆ’Ã¢â‚¬Â ÃƒÂ¢Ã¢â€šÂ¬Ã¢â€žÂ¢ÃƒÆ’Ã†â€™Ãƒâ€šÃ‚Â¢ÃƒÆ’Ã‚Â¢ÃƒÂ¢Ã¢â€šÂ¬Ã…Â¡Ãƒâ€šÃ‚Â¬ÃƒÆ’Ã¢â‚¬Å¡Ãƒâ€šÃ‚Â ÃƒÆ’Ã†â€™Ãƒâ€ Ã¢â‚¬â„¢ÃƒÆ’Ã¢â‚¬Å¡Ãƒâ€šÃ‚Â¢ÃƒÆ’Ã†â€™Ãƒâ€šÃ‚Â¢ÃƒÆ’Ã‚Â¢ÃƒÂ¢Ã¢â‚¬Å¡Ã‚Â¬Ãƒâ€¦Ã‚',
  `deletedsellid` int(11) NOT NULL,
  `controlname` varchar(255) NOT NULL,
  `tax` decimal(10,2) NOT NULL DEFAULT 0.00,
  PRIMARY KEY (`sellbillid`)
) ENGINE=InnoDB DEFAULT CHARSET=utf8mb3 COLLATE=utf8mb3_general_ci;

--
-- Dumping data for table `temsellbill`
--


--
-- Table structure for table `temsellbillandrutern`
--

CREATE TABLE `temsellbillandrutern` (
  `sellbillid` int(11) NOT NULL AUTO_INCREMENT,
  `sellbilldate` date DEFAULT NULL,
  `sellbillserial` varchar(255) DEFAULT NULL,
  `sellbillclientid` int(11) NOT NULL DEFAULT 0,
  `sellbilltotaldeptbefor` decimal(10,2) NOT NULL,
  `sellbilltotaldeptafter` decimal(10,2) NOT NULL,
  `sellbilldiscount` varchar(255) NOT NULL DEFAULT '',
  `sellbilldiscounttype` int(11) NOT NULL DEFAULT 0,
  `sellbilltotalbill` decimal(10,2) NOT NULL COMMENT 'ÃƒÆ’Ã†â€™Ãƒâ€ Ã¢â‚¬â„¢ÃƒÆ’Ã¢â‚¬Â ÃƒÂ¢Ã¢â€šÂ¬Ã¢â€žÂ¢ÃƒÆ’Ã†â€™ÃƒÂ¢Ã¢â€šÂ¬Ã‚Â ÃƒÆ’Ã‚Â¢ÃƒÂ¢Ã¢â‚¬Å¡Ã‚Â¬ÃƒÂ¢Ã¢â‚¬Å¾Ã‚Â¢ÃƒÆ’Ã†â€™Ãƒâ€ Ã¢â‚¬â„¢ÃƒÆ’Ã‚Â¢ÃƒÂ¢Ã¢â‚¬Å¡Ã‚Â¬Ãƒâ€šÃ‚Â ÃƒÆ’Ã†â€™Ãƒâ€šÃ‚Â¢ÃƒÆ’Ã‚Â¢ÃƒÂ¢Ã¢â€šÂ¬Ã…Â¡Ãƒâ€šÃ‚Â¬ÃƒÆ’Ã‚Â¢ÃƒÂ¢Ã¢â€šÂ¬Ã…Â¾Ãƒâ€šÃ‚Â¢ÃƒÆ’Ã†â€™Ãƒâ€ Ã¢â‚¬â„¢ÃƒÆ’Ã¢â‚¬Â ÃƒÂ¢Ã¢â€šÂ¬Ã¢â€žÂ¢ÃƒÆ’Ã†â€™Ãƒâ€šÃ‚Â¢ÃƒÆ’Ã‚Â¢ÃƒÂ¢Ã¢â€šÂ¬Ã…Â¡Ãƒâ€šÃ‚Â¬ÃƒÆ’Ã¢â‚¬Å¡Ãƒâ€šÃ‚Â ÃƒÆ’Ã†â€™Ãƒâ€ Ã¢â‚¬â„¢ÃƒÆ’Ã¢â‚¬Å¡Ãƒâ€šÃ‚Â¢ÃƒÆ’Ã†â€™Ãƒâ€šÃ‚Â¢ÃƒÆ’Ã‚Â¢ÃƒÂ¢Ã¢â‚¬Å¡Ã‚Â¬Ãƒâ€¦Ã‚',
  `sellbillaftertotalbill` decimal(10,2) NOT NULL COMMENT 'ÃƒÆ’Ã†â€™Ãƒâ€ Ã¢â‚¬â„¢ÃƒÆ’Ã¢â‚¬Â ÃƒÂ¢Ã¢â€šÂ¬Ã¢â€žÂ¢ÃƒÆ’Ã†â€™ÃƒÂ¢Ã¢â€šÂ¬Ã‚Â ÃƒÆ’Ã‚Â¢ÃƒÂ¢Ã¢â‚¬Å¡Ã‚Â¬ÃƒÂ¢Ã¢â‚¬Å¾Ã‚Â¢ÃƒÆ’Ã†â€™Ãƒâ€ Ã¢â‚¬â„¢ÃƒÆ’Ã‚Â¢ÃƒÂ¢Ã¢â‚¬Å¡Ã‚Â¬Ãƒâ€šÃ‚Â ÃƒÆ’Ã†â€™Ãƒâ€šÃ‚Â¢ÃƒÆ’Ã‚Â¢ÃƒÂ¢Ã¢â€šÂ¬Ã…Â¡Ãƒâ€šÃ‚Â¬ÃƒÆ’Ã‚Â¢ÃƒÂ¢Ã¢â€šÂ¬Ã…Â¾Ãƒâ€šÃ‚Â¢ÃƒÆ’Ã†â€™Ãƒâ€ Ã¢â‚¬â„¢ÃƒÆ’Ã¢â‚¬Â ÃƒÂ¢Ã¢â€šÂ¬Ã¢â€žÂ¢ÃƒÆ’Ã†â€™Ãƒâ€šÃ‚Â¢ÃƒÆ’Ã‚Â¢ÃƒÂ¢Ã¢â€šÂ¬Ã…Â¡Ãƒâ€šÃ‚Â¬ÃƒÆ’Ã¢â‚¬Å¡Ãƒâ€šÃ‚Â ÃƒÆ’Ã†â€™Ãƒâ€ Ã¢â‚¬â„¢ÃƒÆ’Ã¢â‚¬Å¡Ãƒâ€šÃ‚Â¢ÃƒÆ’Ã†â€™Ãƒâ€šÃ‚Â¢ÃƒÆ’Ã‚Â¢ÃƒÂ¢Ã¢â‚¬Å¡Ã‚Â¬Ãƒâ€¦Ã‚',
  `sellbilltotalpayed` decimal(10,2) NOT NULL COMMENT 'ÃƒÆ’Ã†â€™Ãƒâ€ Ã¢â‚¬â„¢ÃƒÆ’Ã¢â‚¬Â ÃƒÂ¢Ã¢â€šÂ¬Ã¢â€žÂ¢ÃƒÆ’Ã†â€™ÃƒÂ¢Ã¢â€šÂ¬Ã‚Â ÃƒÆ’Ã‚Â¢ÃƒÂ¢Ã¢â‚¬Å¡Ã‚Â¬ÃƒÂ¢Ã¢â‚¬Å¾Ã‚Â¢ÃƒÆ’Ã†â€™Ãƒâ€ Ã¢â‚¬â„¢ÃƒÆ’Ã‚Â¢ÃƒÂ¢Ã¢â‚¬Å¡Ã‚Â¬Ãƒâ€šÃ‚Â ÃƒÆ’Ã†â€™Ãƒâ€šÃ‚Â¢ÃƒÆ’Ã‚Â¢ÃƒÂ¢Ã¢â€šÂ¬Ã…Â¡Ãƒâ€šÃ‚Â¬ÃƒÆ’Ã‚Â¢ÃƒÂ¢Ã¢â€šÂ¬Ã…Â¾Ãƒâ€šÃ‚Â¢ÃƒÆ’Ã†â€™Ãƒâ€ Ã¢â‚¬â„¢ÃƒÆ’Ã¢â‚¬Â ÃƒÂ¢Ã¢â€šÂ¬Ã¢â€žÂ¢ÃƒÆ’Ã†â€™Ãƒâ€šÃ‚Â¢ÃƒÆ’Ã‚Â¢ÃƒÂ¢Ã¢â€šÂ¬Ã…Â¡Ãƒâ€šÃ‚Â¬ÃƒÆ’Ã¢â‚¬Å¡Ãƒâ€šÃ‚Â ÃƒÆ’Ã†â€™Ãƒâ€ Ã¢â‚¬â„¢ÃƒÆ’Ã¢â‚¬Å¡Ãƒâ€šÃ‚Â¢ÃƒÆ’Ã†â€™Ãƒâ€šÃ‚Â¢ÃƒÆ’Ã‚Â¢ÃƒÂ¢Ã¢â‚¬Å¡Ã‚Â¬Ãƒâ€¦Ã‚',
  `sellbillfinalbill` decimal(10,2) NOT NULL COMMENT 'ÃƒÆ’Ã†â€™Ãƒâ€ Ã¢â‚¬â„¢ÃƒÆ’Ã¢â‚¬Â ÃƒÂ¢Ã¢â€šÂ¬Ã¢â€žÂ¢ÃƒÆ’Ã†â€™ÃƒÂ¢Ã¢â€šÂ¬Ã‚Â ÃƒÆ’Ã‚Â¢ÃƒÂ¢Ã¢â‚¬Å¡Ã‚Â¬ÃƒÂ¢Ã¢â‚¬Å¾Ã‚Â¢ÃƒÆ’Ã†â€™Ãƒâ€ Ã¢â‚¬â„¢ÃƒÆ’Ã‚Â¢ÃƒÂ¢Ã¢â‚¬Å¡Ã‚Â¬Ãƒâ€šÃ‚Â ÃƒÆ’Ã†â€™Ãƒâ€šÃ‚Â¢ÃƒÆ’Ã‚Â¢ÃƒÂ¢Ã¢â€šÂ¬Ã…Â¡Ãƒâ€šÃ‚Â¬ÃƒÆ’Ã‚Â¢ÃƒÂ¢Ã¢â€šÂ¬Ã…Â¾Ãƒâ€šÃ‚Â¢ÃƒÆ’Ã†â€™Ãƒâ€ Ã¢â‚¬â„¢ÃƒÆ’Ã¢â‚¬Â ÃƒÂ¢Ã¢â€šÂ¬Ã¢â€žÂ¢ÃƒÆ’Ã†â€™Ãƒâ€šÃ‚Â¢ÃƒÆ’Ã‚Â¢ÃƒÂ¢Ã¢â€šÂ¬Ã…Â¡Ãƒâ€šÃ‚Â¬ÃƒÆ’Ã¢â‚¬Å¡Ãƒâ€šÃ‚Â ÃƒÆ’Ã†â€™Ãƒâ€ Ã¢â‚¬â„¢ÃƒÆ’Ã¢â‚¬Å¡Ãƒâ€šÃ‚Â¢ÃƒÆ’Ã†â€™Ãƒâ€šÃ‚Â¢ÃƒÆ’Ã‚Â¢ÃƒÂ¢Ã¢â‚¬Å¡Ã‚Â¬Ãƒâ€¦Ã‚',
  `sellbillstoreid` int(11) NOT NULL,
  `sellbillsysdate` date NOT NULL,
  `userid` int(11) NOT NULL,
  `conditions` int(11) NOT NULL DEFAULT 0,
  `sellbillclientname` text NOT NULL,
  `sellbillsaveid` int(11) NOT NULL,
  `sellbildirectpayment` int(11) NOT NULL COMMENT 'ÃƒÆ’Ã†â€™Ãƒâ€ Ã¢â‚¬â„¢ÃƒÆ’Ã¢â‚¬Â ÃƒÂ¢Ã¢â€šÂ¬Ã¢â€žÂ¢ÃƒÆ’Ã†â€™ÃƒÂ¢Ã¢â€šÂ¬Ã‚Â ÃƒÆ’Ã‚Â¢ÃƒÂ¢Ã¢â‚¬Å¡Ã‚Â¬ÃƒÂ¢Ã¢â‚¬Å¾Ã‚Â¢ÃƒÆ’Ã†â€™Ãƒâ€ Ã¢â‚¬â„¢ÃƒÆ’Ã‚Â¢ÃƒÂ¢Ã¢â‚¬Å¡Ã‚Â¬Ãƒâ€šÃ‚Â ÃƒÆ’Ã†â€™Ãƒâ€šÃ‚Â¢ÃƒÆ’Ã‚Â¢ÃƒÂ¢Ã¢â€šÂ¬Ã…Â¡Ãƒâ€šÃ‚Â¬ÃƒÆ’Ã‚Â¢ÃƒÂ¢Ã¢â€šÂ¬Ã…Â¾Ãƒâ€šÃ‚Â¢ÃƒÆ’Ã†â€™Ãƒâ€ Ã¢â‚¬â„¢ÃƒÆ’Ã¢â‚¬Â ÃƒÂ¢Ã¢â€šÂ¬Ã¢â€žÂ¢ÃƒÆ’Ã†â€™Ãƒâ€šÃ‚Â¢ÃƒÆ’Ã‚Â¢ÃƒÂ¢Ã¢â€šÂ¬Ã…Â¡Ãƒâ€šÃ‚Â¬ÃƒÆ’Ã¢â‚¬Å¡Ãƒâ€šÃ‚Â ÃƒÆ’Ã†â€™Ãƒâ€ Ã¢â‚¬â„¢ÃƒÆ’Ã¢â‚¬Å¡Ãƒâ€šÃ‚Â¢ÃƒÆ’Ã†â€™Ãƒâ€šÃ‚Â¢ÃƒÆ’Ã‚Â¢ÃƒÂ¢Ã¢â‚¬Å¡Ã‚Â¬Ãƒâ€¦Ã‚',
  `billnameid` int(11) NOT NULL,
  `sellerid` int(11) NOT NULL,
  `sellbillprice` decimal(10,2) NOT NULL,
  `returnsellbillprice` decimal(10,2) NOT NULL,
  `tempclientName` varchar(255) NOT NULL,
  `sellQuantity` decimal(10,2) NOT NULL COMMENT 'ÃƒÆ’Ã†â€™Ãƒâ€ Ã¢â‚¬â„¢ÃƒÆ’Ã¢â‚¬Â ÃƒÂ¢Ã¢â€šÂ¬Ã¢â€žÂ¢ÃƒÆ’Ã†â€™ÃƒÂ¢Ã¢â€šÂ¬Ã‚Â ÃƒÆ’Ã‚Â¢ÃƒÂ¢Ã¢â‚¬Å¡Ã‚Â¬ÃƒÂ¢Ã¢â‚¬Å¾Ã‚Â¢ÃƒÆ’Ã†â€™Ãƒâ€ Ã¢â‚¬â„¢ÃƒÆ’Ã‚Â¢ÃƒÂ¢Ã¢â‚¬Å¡Ã‚Â¬Ãƒâ€šÃ‚Â ÃƒÆ’Ã†â€™Ãƒâ€šÃ‚Â¢ÃƒÆ’Ã‚Â¢ÃƒÂ¢Ã¢â€šÂ¬Ã…Â¡Ãƒâ€šÃ‚Â¬ÃƒÆ’Ã‚Â¢ÃƒÂ¢Ã¢â€šÂ¬Ã…Â¾Ãƒâ€šÃ‚Â¢ÃƒÆ’Ã†â€™Ãƒâ€ Ã¢â‚¬â„¢ÃƒÆ’Ã¢â‚¬Â ÃƒÂ¢Ã¢â€šÂ¬Ã¢â€žÂ¢ÃƒÆ’Ã†â€™Ãƒâ€šÃ‚Â¢ÃƒÆ’Ã‚Â¢ÃƒÂ¢Ã¢â€šÂ¬Ã…Â¡Ãƒâ€šÃ‚Â¬ÃƒÆ’Ã¢â‚¬Å¡Ãƒâ€šÃ‚Â ÃƒÆ’Ã†â€™Ãƒâ€ Ã¢â‚¬â„¢ÃƒÆ’Ã¢â‚¬Å¡Ãƒâ€šÃ‚Â¢ÃƒÆ’Ã†â€™Ãƒâ€šÃ‚Â¢ÃƒÆ’Ã‚Â¢ÃƒÂ¢Ã¢â‚¬Å¡Ã‚Â¬Ãƒâ€¦Ã‚',
  `returnsellQuantity` decimal(10,2) NOT NULL COMMENT 'ÃƒÆ’Ã†â€™Ãƒâ€ Ã¢â‚¬â„¢ÃƒÆ’Ã¢â‚¬Â ÃƒÂ¢Ã¢â€šÂ¬Ã¢â€žÂ¢ÃƒÆ’Ã†â€™ÃƒÂ¢Ã¢â€šÂ¬Ã‚Â ÃƒÆ’Ã‚Â¢ÃƒÂ¢Ã¢â‚¬Å¡Ã‚Â¬ÃƒÂ¢Ã¢â‚¬Å¾Ã‚Â¢ÃƒÆ’Ã†â€™Ãƒâ€ Ã¢â‚¬â„¢ÃƒÆ’Ã‚Â¢ÃƒÂ¢Ã¢â‚¬Å¡Ã‚Â¬Ãƒâ€šÃ‚Â ÃƒÆ’Ã†â€™Ãƒâ€šÃ‚Â¢ÃƒÆ’Ã‚Â¢ÃƒÂ¢Ã¢â€šÂ¬Ã…Â¡Ãƒâ€šÃ‚Â¬ÃƒÆ’Ã‚Â¢ÃƒÂ¢Ã¢â€šÂ¬Ã…Â¾Ãƒâ€šÃ‚Â¢ÃƒÆ’Ã†â€™Ãƒâ€ Ã¢â‚¬â„¢ÃƒÆ’Ã¢â‚¬Â ÃƒÂ¢Ã¢â€šÂ¬Ã¢â€žÂ¢ÃƒÆ’Ã†â€™Ãƒâ€šÃ‚Â¢ÃƒÆ’Ã‚Â¢ÃƒÂ¢Ã¢â€šÂ¬Ã…Â¡Ãƒâ€šÃ‚Â¬ÃƒÆ’Ã¢â‚¬Å¡Ãƒâ€šÃ‚Â ÃƒÆ’Ã†â€™Ãƒâ€ Ã¢â‚¬â„¢ÃƒÆ’Ã¢â‚¬Å¡Ãƒâ€šÃ‚Â¢ÃƒÆ’Ã†â€™Ãƒâ€šÃ‚Â¢ÃƒÆ’Ã‚Â¢ÃƒÂ¢Ã¢â‚¬Å¡Ã‚Â¬Ãƒâ€¦Ã‚',
  `deletedsellid` int(11) NOT NULL,
  `controlname` varchar(255) NOT NULL,
  `tax` decimal(10,2) NOT NULL DEFAULT 0.00,
  PRIMARY KEY (`sellbillid`)
) ENGINE=InnoDB DEFAULT CHARSET=utf8mb3 COLLATE=utf8mb3_general_ci;

--
-- Dumping data for table `temsellbillandrutern`
--


--
-- Table structure for table `temsellbilldetail`
--

CREATE TABLE `temsellbilldetail` (
  `buyprice` decimal(10,2) NOT NULL,
  `parcode` varchar(256) NOT NULL DEFAULT '',
  `sellbilldetailid` int(11) NOT NULL AUTO_INCREMENT,
  `sellbillid` int(11) NOT NULL,
  `sellbilldetailcatid` int(11) NOT NULL,
  `sellbilldetailproductid` int(11) NOT NULL,
  `sellbilldetailquantity` decimal(10,2) NOT NULL,
  `sellbilldetailprice` decimal(10,2) NOT NULL,
  `sellbilldetailtotalprice` decimal(10,2) NOT NULL,
  `discountvalue` decimal(10,2) NOT NULL,
  `note` varchar(256) DEFAULT NULL,
  `pricetype` int(11) NOT NULL DEFAULT 0 COMMENT 'ÃƒÆ’Ã†â€™Ãƒâ€ Ã¢â‚¬â„¢ÃƒÆ’Ã¢â‚¬Â ÃƒÂ¢Ã¢â€šÂ¬Ã¢â€žÂ¢ÃƒÆ’Ã†â€™ÃƒÂ¢Ã¢â€šÂ¬Ã‚Â ÃƒÆ’Ã‚Â¢ÃƒÂ¢Ã¢â‚¬Å¡Ã‚Â¬ÃƒÂ¢Ã¢â‚¬Å¾Ã‚Â¢ÃƒÆ’Ã†â€™Ãƒâ€ Ã¢â‚¬â„¢ÃƒÆ’Ã‚Â¢ÃƒÂ¢Ã¢â‚¬Å¡Ã‚Â¬Ãƒâ€šÃ‚Â ÃƒÆ’Ã†â€™Ãƒâ€šÃ‚Â¢ÃƒÆ’Ã‚Â¢ÃƒÂ¢Ã¢â€šÂ¬Ã…Â¡Ãƒâ€šÃ‚Â¬ÃƒÆ’Ã‚Â¢ÃƒÂ¢Ã¢â€šÂ¬Ã…Â¾Ãƒâ€šÃ‚Â¢ÃƒÆ’Ã†â€™Ãƒâ€ Ã¢â‚¬â„¢ÃƒÆ’Ã¢â‚¬Â ÃƒÂ¢Ã¢â€šÂ¬Ã¢â€žÂ¢ÃƒÆ’Ã†â€™Ãƒâ€šÃ‚Â¢ÃƒÆ’Ã‚Â¢ÃƒÂ¢Ã¢â€šÂ¬Ã…Â¡Ãƒâ€šÃ‚Â¬ÃƒÆ’Ã¢â‚¬Å¡Ãƒâ€šÃ‚Â ÃƒÆ’Ã†â€™Ãƒâ€ Ã¢â‚¬â„¢ÃƒÆ’Ã¢â‚¬Å¡Ãƒâ€šÃ‚Â¢ÃƒÆ’Ã†â€™Ãƒâ€šÃ‚Â¢ÃƒÆ’Ã‚Â¢ÃƒÂ¢Ã¢â‚¬Å¡Ã‚Â¬Ãƒâ€¦Ã‚',
  `sellbilldetaildate` date NOT NULL,
  `productunitid` int(11) NOT NULL,
  `buydiscount` decimal(10,2) NOT NULL,
  `buydiscounttype` int(11) NOT NULL,
  `storeid` int(11) NOT NULL DEFAULT 0,
  `actualqty` int(11) NOT NULL,
  PRIMARY KEY (`sellbilldetailid`)
) ENGINE=InnoDB DEFAULT CHARSET=utf8mb3 COLLATE=utf8mb3_general_ci;

--
-- Dumping data for table `temsellbilldetail`
--


--
-- Table structure for table `toworkshoporder`
--

CREATE TABLE `toworkshoporder` (
  `id` int(11) NOT NULL AUTO_INCREMENT,
  `driverIdBack` int(11) NOT NULL,
  `deliverIdBack` int(11) NOT NULL,
  `orderNo` varchar(100) NOT NULL,
  `driverId` int(11) NOT NULL,
  `workshopId` int(11) NOT NULL,
  `productNo` int(11) NOT NULL,
  `deliverWorkshopDate` datetime NOT NULL,
  `deliverId` int(11) NOT NULL,
  `branchId` int(11) NOT NULL,
  `orderStatus` int(11) NOT NULL,
  `sysDate` datetime NOT NULL,
  `del` int(11) NOT NULL,
  `userid` int(11) NOT NULL,
  `recieveWorkshopDate` datetime NOT NULL,
  `deliverBranchDate` datetime NOT NULL,
  `recieveBranchDate` datetime NOT NULL,
  `drivertimeout` int(11) NOT NULL DEFAULT 0,
  `driverdelay` int(11) NOT NULL DEFAULT 0,
  `workshoptimeout` int(11) NOT NULL DEFAULT 0,
  `workshopdelay` int(11) NOT NULL DEFAULT 0,
  `drivertimeoutback` int(11) NOT NULL DEFAULT 0,
  `driverdelayback` int(11) NOT NULL DEFAULT 0,
  PRIMARY KEY (`id`)
) ENGINE=InnoDB DEFAULT CHARSET=latin1 COLLATE=latin1_swedish_ci;

--
-- Dumping data for table `toworkshoporder`
--


--
-- Table structure for table `toworkshoporderbill`
--

CREATE TABLE `toworkshoporderbill` (
  `id` int(11) NOT NULL AUTO_INCREMENT,
  `toworkshoporderid` int(11) NOT NULL,
  `billid` int(11) NOT NULL,
  PRIMARY KEY (`id`)
) ENGINE=InnoDB DEFAULT CHARSET=latin1 COLLATE=latin1_swedish_ci;

--
-- Dumping data for table `toworkshoporderbill`
--


--
-- Table structure for table `transferbtweenbankaccount`
--

CREATE TABLE `transferbtweenbankaccount` (
  `id` int(11) NOT NULL AUTO_INCREMENT,
  `bankidfrom` int(11) NOT NULL,
  `accountidfrom` int(11) NOT NULL,
  `bankidto` int(11) NOT NULL,
  `accountidto` int(11) NOT NULL,
  `transfervalue` decimal(10,2) NOT NULL,
  `transferdate` datetime NOT NULL,
  `userid` int(11) NOT NULL,
  `conditions` tinyint(4) NOT NULL,
  `dailyentryid` int(11) NOT NULL,
  `comment` text CHARACTER SET utf8mb4 COLLATE utf8mb4_unicode_ci NOT NULL,
  PRIMARY KEY (`id`)
) ENGINE=InnoDB DEFAULT CHARSET=latin1 COLLATE=latin1_swedish_ci;

--
-- Dumping data for table `transferbtweenbankaccount`
--


--
-- Table structure for table `transfermoney`
--

CREATE TABLE `transfermoney` (
  `transfermoneyid` int(11) NOT NULL AUTO_INCREMENT,
  `saveidfrom` int(11) NOT NULL,
  `saveidto` int(11) NOT NULL,
  `transfermoneyvalue` decimal(10,2) NOT NULL,
  `transfermoneydate` date NOT NULL,
  `userid` int(11) NOT NULL,
  `conditions` int(11) NOT NULL DEFAULT 0,
  `dailyentryid` int(11) NOT NULL DEFAULT 0,
  `comment` varchar(255) DEFAULT NULL,
  `currencyId` int(11) NOT NULL,
  `conversionFactor` float NOT NULL,
  `conversionFactorFrom` float NOT NULL,
  `conversionFactorTo` float NOT NULL,
  `transfermoneyvalueInCurrency` decimal(10,2) NOT NULL,
  PRIMARY KEY (`transfermoneyid`)
) ENGINE=InnoDB DEFAULT CHARSET=utf8mb3 COLLATE=utf8mb3_general_ci;

--
-- Dumping data for table `transfermoney`
--


--
-- Table structure for table `typeclient`
--

CREATE TABLE `typeclient` (
  `typeId` int(11) NOT NULL AUTO_INCREMENT,
  `typeName` varchar(255) NOT NULL,
  `conditions` int(11) NOT NULL DEFAULT 0,
  `comments` text NOT NULL,
  `typeDate` date NOT NULL,
  PRIMARY KEY (`typeId`)
) ENGINE=InnoDB DEFAULT CHARSET=utf8mb3 COLLATE=utf8mb3_general_ci;

--
-- Dumping data for table `typeclient`
--


--
-- Table structure for table `typesimpotencetreatment`
--

CREATE TABLE `typesimpotencetreatment` (
  `typesimpotencetreatmentid` int(11) NOT NULL AUTO_INCREMENT,
  `typesimpotencetreatmentname` varchar(256) DEFAULT NULL,
  `typesimpotencetreatmentdate` datetime NOT NULL,
  `userid` int(11) NOT NULL,
  `conditions` int(1) NOT NULL,
  `typesimpotencetreatmentcomment` text CHARACTER SET utf8mb4 COLLATE utf8mb4_unicode_ci DEFAULT NULL,
  PRIMARY KEY (`typesimpotencetreatmentid`)
) ENGINE=InnoDB DEFAULT CHARSET=utf8mb3 COLLATE=utf8mb3_general_ci;

--
-- Dumping data for table `typesimpotencetreatment`
--


--
-- Table structure for table `typesupplier`
--

CREATE TABLE `typesupplier` (
  `typeId` int(11) NOT NULL AUTO_INCREMENT,
  `typeName` varchar(100) NOT NULL,
  `conditions` int(11) NOT NULL DEFAULT 0,
  `comments` text NOT NULL,
  `typeDate` date NOT NULL,
  `category_id` varchar(50) DEFAULT NULL,
  PRIMARY KEY (`typeId`)
) ENGINE=InnoDB DEFAULT CHARSET=latin1 COLLATE=latin1_swedish_ci;

--
-- Dumping data for table `typesupplier`
--


--
-- Table structure for table `unit`
--

CREATE TABLE `unit` (
  `unitId` int(11) NOT NULL AUTO_INCREMENT,
  `unitName` varchar(256) NOT NULL,
  `unitSymbol` varchar(256) DEFAULT NULL COMMENT 'ÃƒÆ’Ã†â€™Ãƒâ€ Ã¢â‚¬â„¢ÃƒÆ’Ã¢â‚¬Â ÃƒÂ¢Ã¢â€šÂ¬Ã¢â€žÂ¢ÃƒÆ’Ã†â€™ÃƒÂ¢Ã¢â€šÂ¬Ã‚Â ÃƒÆ’Ã‚Â¢ÃƒÂ¢Ã¢â‚¬Å¡Ã‚Â¬ÃƒÂ¢Ã¢â‚¬Å¾Ã‚Â¢ÃƒÆ’Ã†â€™Ãƒâ€ Ã¢â‚¬â„¢ÃƒÆ’Ã‚Â¢ÃƒÂ¢Ã¢â‚¬Å¡Ã‚Â¬Ãƒâ€šÃ‚Â ÃƒÆ’Ã†â€™Ãƒâ€šÃ‚Â¢ÃƒÆ’Ã‚Â¢ÃƒÂ¢Ã¢â€šÂ¬Ã…Â¡Ãƒâ€šÃ‚Â¬ÃƒÆ’Ã‚Â¢ÃƒÂ¢Ã¢â€šÂ¬Ã…Â¾Ãƒâ€šÃ‚Â¢ÃƒÆ’Ã†â€™Ãƒâ€ Ã¢â‚¬â„¢ÃƒÆ’Ã¢â‚¬Â ÃƒÂ¢Ã¢â€šÂ¬Ã¢â€žÂ¢ÃƒÆ’Ã†â€™Ãƒâ€šÃ‚Â¢ÃƒÆ’Ã‚Â¢ÃƒÂ¢Ã¢â€šÂ¬Ã…Â¡Ãƒâ€šÃ‚Â¬ÃƒÆ’Ã¢â‚¬Å¡Ãƒâ€šÃ‚Â ÃƒÆ’Ã†â€™Ãƒâ€ Ã¢â‚¬â„¢ÃƒÆ’Ã¢â‚¬Å¡Ãƒâ€šÃ‚Â¢ÃƒÆ’Ã†â€™Ãƒâ€šÃ‚Â¢ÃƒÆ’Ã‚Â¢ÃƒÂ¢Ã¢â‚¬Å¡Ã‚Â¬Ãƒâ€¦Ã‚',
  `unitDescription` text DEFAULT NULL,
  `unitDate` date NOT NULL,
  `conditions` int(1) NOT NULL DEFAULT 0,
  `userId` int(11) NOT NULL,
  PRIMARY KEY (`unitId`)
) ENGINE=InnoDB AUTO_INCREMENT=2 DEFAULT CHARSET=utf8mb3 COLLATE=utf8mb3_general_ci;

--
-- Dumping data for table `unit`
--

INSERT INTO `unit` VALUES
(1,'قطعة','','','2022-07-01',0,1);

--
-- Table structure for table `usergroupadmin`
--

CREATE TABLE `usergroupadmin` (
  `id` int(11) NOT NULL AUTO_INCREMENT,
  `propertyid` int(11) NOT NULL,
  `isallowed` tinyint(4) NOT NULL DEFAULT 0 COMMENT '0 allowed,1not allowed',
  PRIMARY KEY (`id`),
  UNIQUE KEY `propertyid` (`propertyid`)
) ENGINE=InnoDB AUTO_INCREMENT=599 DEFAULT CHARSET=latin1 COLLATE=latin1_swedish_ci;

--
-- Dumping data for table `usergroupadmin`
--

INSERT INTO `usergroupadmin` VALUES
(1,1,0),
(2,2,0),
(3,3,1),
(4,4,0),
(5,5,0),
(6,6,0),
(7,7,0),
(8,8,0),
(9,9,0),
(10,10,0),
(11,11,0),
(12,12,0),
(13,13,0),
(14,14,0),
(15,15,0),
(16,16,0),
(17,17,0),
(18,18,0),
(19,19,0),
(20,23,0),
(21,24,0),
(22,25,0),
(23,26,0),
(24,27,0),
(25,28,1),
(26,29,1),
(27,30,1),
(28,31,0),
(29,32,0),
(30,33,0),
(31,34,0),
(32,35,0),
(33,36,0),
(34,37,0),
(35,38,0),
(36,39,0),
(37,40,0),
(38,41,0),
(39,42,0),
(40,43,0),
(41,44,0),
(42,45,0),
(43,46,0),
(44,47,1),
(45,48,1),
(46,49,0),
(47,50,0),
(48,51,0),
(49,52,0),
(50,53,0),
(51,54,0),
(52,55,0),
(53,56,0),
(54,57,0),
(55,58,0),
(56,59,0),
(57,60,0),
(58,61,0),
(59,62,0),
(60,63,0),
(61,64,0),
(62,65,0),
(63,66,0),
(64,67,0),
(65,68,0),
(66,69,0),
(67,70,0),
(68,71,0),
(69,72,0),
(70,73,0),
(71,74,0),
(72,75,0),
(73,76,0),
(74,77,0),
(75,78,0),
(76,79,0),
(77,80,0),
(78,82,0),
(79,83,0),
(80,84,0),
(81,85,0),
(82,87,0),
(83,89,0),
(84,90,0),
(85,91,0),
(86,92,0),
(87,93,0),
(88,96,1),
(89,97,0),
(90,98,0),
(91,99,0),
(92,100,0),
(93,105,0),
(94,123,0),
(95,124,0),
(96,125,0),
(97,126,1),
(98,127,1),
(99,128,1),
(100,129,1),
(101,130,1),
(102,131,1),
(103,133,0),
(104,134,0),
(105,135,0),
(106,136,0),
(107,137,0),
(108,138,0),
(109,139,0),
(110,140,0),
(111,141,0),
(112,142,0),
(113,143,0),
(114,144,0),
(115,145,0),
(116,146,0),
(117,147,0),
(118,148,0),
(119,149,1),
(120,150,1),
(121,151,1),
(122,152,1),
(123,153,1),
(124,154,1),
(125,155,1),
(126,156,1),
(127,157,1),
(128,158,1),
(129,159,1),
(130,160,1),
(131,161,1),
(132,162,1),
(133,163,1),
(134,164,1),
(135,165,1),
(136,166,1),
(137,167,0),
(138,168,0),
(139,169,0),
(140,170,0),
(141,171,0),
(142,172,0),
(143,173,1),
(144,174,1),
(145,175,1),
(146,176,1),
(147,177,1),
(148,178,1),
(149,179,1),
(150,180,1),
(151,181,1),
(152,182,1),
(153,183,1),
(154,187,1),
(155,188,1),
(156,189,1),
(157,190,1),
(158,191,1),
(159,192,1),
(160,193,1),
(161,194,1),
(162,195,1),
(163,196,1),
(164,197,1),
(165,198,1),
(166,199,1),
(167,200,1),
(168,201,0),
(169,202,0),
(170,203,0),
(171,205,1),
(172,206,0),
(173,207,0),
(174,208,0),
(175,209,1),
(176,210,1),
(177,211,1),
(178,212,1),
(179,213,1),
(180,214,1),
(181,215,1),
(182,216,1),
(183,217,1),
(184,218,1),
(185,219,1),
(186,220,1),
(187,221,1),
(188,227,1),
(189,228,1),
(190,231,1),
(191,232,0),
(192,233,0),
(193,234,1),
(194,235,0),
(195,243,0),
(196,244,1),
(197,250,0),
(198,252,0),
(199,253,0),
(200,256,0),
(201,257,0),
(202,258,0),
(203,259,0),
(204,260,0),
(205,261,0),
(206,262,0),
(207,263,0),
(208,264,1),
(209,265,0),
(210,266,1),
(211,267,1),
(212,268,0),
(213,269,0),
(214,274,0),
(215,275,0),
(216,278,0),
(217,279,0),
(218,280,0),
(219,281,0),
(220,282,0),
(221,283,0),
(222,284,0),
(223,285,0),
(224,286,0),
(225,287,0),
(226,288,0),
(227,289,0),
(228,290,0),
(229,291,0),
(230,292,0),
(231,293,1),
(232,294,1),
(233,295,1),
(234,296,1),
(235,297,0),
(236,298,0),
(237,299,1),
(238,300,0),
(239,301,0),
(240,302,0),
(241,303,1),
(242,304,1),
(243,305,0),
(244,307,1),
(245,308,1),
(246,309,1),
(247,310,1),
(248,311,1),
(249,312,1),
(250,313,1),
(251,314,1),
(252,315,1),
(253,316,0),
(254,317,1),
(255,318,1),
(256,319,1),
(257,320,1),
(258,321,1),
(259,322,1),
(260,323,1),
(261,324,1),
(262,325,1),
(263,326,0),
(264,327,0),
(265,328,0),
(266,329,0),
(267,330,0),
(268,331,0),
(269,332,0),
(270,333,0),
(271,334,0),
(272,335,0),
(273,336,0),
(274,337,0),
(275,338,0),
(276,339,0),
(277,340,0),
(278,341,0),
(279,342,0),
(280,343,0),
(281,344,0),
(282,345,0),
(283,346,0),
(284,347,0),
(285,348,0),
(286,349,0),
(287,350,0),
(288,351,0),
(289,352,0),
(290,353,0),
(291,354,0),
(292,355,0),
(293,356,0),
(294,357,0),
(295,358,0),
(296,359,0),
(297,360,0),
(298,361,0),
(299,362,0),
(300,363,0),
(301,364,0),
(302,365,0),
(303,366,0),
(304,367,0),
(305,368,0),
(306,369,0),
(307,370,0),
(308,371,0),
(309,372,0),
(310,373,0),
(311,374,0),
(312,375,0),
(313,376,0),
(314,377,0),
(315,378,0),
(316,379,0),
(317,380,0),
(318,381,0),
(319,382,0),
(320,383,0),
(321,384,0),
(322,385,0),
(323,386,0),
(324,387,0),
(325,388,0),
(326,389,0),
(327,390,0),
(328,391,0),
(329,392,0),
(330,393,0),
(331,394,0),
(332,395,0),
(333,396,0),
(334,397,0),
(335,398,0),
(336,399,0),
(337,400,0),
(338,401,1),
(339,402,1),
(340,403,1),
(341,404,0),
(342,405,1),
(343,406,1),
(344,407,1),
(345,408,1),
(346,409,1),
(347,410,1),
(348,411,1),
(349,412,0),
(350,413,0),
(351,414,0),
(352,417,0),
(353,418,0),
(354,419,0),
(355,420,0),
(356,421,0),
(357,422,0),
(358,423,0),
(359,424,0),
(360,425,0),
(361,426,0),
(362,427,0),
(363,428,0),
(364,429,0),
(365,430,0),
(366,431,0),
(367,432,0),
(368,433,0),
(369,434,0),
(370,436,1),
(371,437,0),
(372,438,0),
(373,439,1),
(374,440,0),
(375,441,0),
(376,442,1),
(377,443,0),
(378,444,0),
(379,445,0),
(380,446,0),
(381,447,0),
(382,448,0),
(383,449,1),
(384,450,1),
(385,451,0),
(386,452,0),
(387,453,0),
(388,454,0),
(389,455,0),
(390,456,0),
(391,457,0),
(392,458,0),
(393,459,0),
(394,460,0),
(395,461,1),
(396,462,1),
(397,463,0),
(398,464,1),
(399,465,0),
(400,466,0),
(401,467,0),
(402,468,1),
(403,469,0),
(404,470,0),
(405,471,0),
(406,472,0),
(407,473,0),
(408,474,0),
(409,475,0),
(410,476,0),
(411,477,0),
(412,478,0),
(413,479,0),
(414,480,0),
(415,481,0),
(416,482,0),
(417,483,0),
(418,484,0),
(419,485,0),
(420,486,0),
(421,487,0),
(422,488,0),
(423,489,0),
(424,490,1),
(425,491,1),
(426,492,0),
(427,493,0),
(428,494,0),
(429,495,0),
(430,496,0),
(431,497,0),
(432,498,0),
(433,499,0),
(434,500,0),
(435,501,0),
(436,502,0),
(437,503,0),
(438,504,0),
(439,505,0),
(440,506,0),
(441,507,0),
(442,508,1),
(443,509,0),
(444,510,0),
(445,511,1),
(446,512,0),
(447,513,0),
(448,514,0),
(449,515,0),
(450,516,0),
(451,517,0),
(452,518,0),
(453,519,0),
(454,520,0),
(455,521,0),
(456,522,1),
(457,523,0),
(458,524,0),
(459,525,0),
(460,526,0),
(461,527,1),
(462,528,1),
(463,529,1),
(464,530,0),
(465,531,0);

--
-- Table structure for table `vatpayment`
--

CREATE TABLE `vatpayment` (
  `id` int(11) NOT NULL AUTO_INCREMENT,
  `amount` decimal(10,2) NOT NULL,
  `saveid` int(11) NOT NULL,
  `comment` text CHARACTER SET utf8mb4 COLLATE utf8mb4_unicode_ci NOT NULL,
  `userid` int(11) NOT NULL,
  `sysdate` datetime NOT NULL,
  `conditions` int(11) NOT NULL,
  PRIMARY KEY (`id`)
) ENGINE=InnoDB DEFAULT CHARSET=latin1 COLLATE=latin1_swedish_ci;

--
-- Dumping data for table `vatpayment`
--


--
-- Table structure for table `workshop`
--

CREATE TABLE `workshop` (
  `id` int(11) NOT NULL AUTO_INCREMENT,
  `name` varchar(255) NOT NULL,
  `description` text NOT NULL,
  `thedate` date NOT NULL,
  `userid` int(11) NOT NULL,
  `del` int(11) NOT NULL,
  PRIMARY KEY (`id`)
) ENGINE=InnoDB DEFAULT CHARSET=latin1 COLLATE=latin1_swedish_ci;

--
-- Dumping data for table `workshop`
--


--
-- Table structure for table `workstation`
--

CREATE TABLE `workstation` (
  `workstationid` int(11) NOT NULL AUTO_INCREMENT,
  `workname` varchar(255) NOT NULL,
  `workerhours` decimal(10,2) NOT NULL,
  `assetshours` decimal(10,2) NOT NULL,
  `date` varchar(255) NOT NULL COMMENT '0->delÃƒÆ’Ã†â€™Ãƒâ€ Ã¢â‚¬â„¢ÃƒÆ’Ã¢â‚¬Â ÃƒÂ¢Ã¢â€šÂ¬Ã¢â€žÂ¢ÃƒÆ’Ã†â€™ÃƒÂ¢Ã¢â€šÂ¬Ã‚Â ÃƒÆ’Ã‚Â¢ÃƒÂ¢Ã¢â‚¬Å¡Ã‚Â¬ÃƒÂ¢Ã¢â‚¬Å¾Ã‚Â¢ÃƒÆ’Ã†â€™Ãƒâ€ Ã¢â‚¬â„¢ÃƒÆ’Ã‚Â¢ÃƒÂ¢Ã¢â‚¬Å¡Ã‚Â¬Ãƒâ€šÃ‚Â ÃƒÆ’Ã†â€™Ãƒâ€šÃ‚Â¢ÃƒÆ’Ã‚Â¢ÃƒÂ¢Ã¢â€šÂ¬Ã…Â¡Ãƒâ€šÃ‚Â¬ÃƒÆ’Ã‚Â¢ÃƒÂ¢Ã¢â€šÂ¬Ã…Â¾Ãƒâ€šÃ‚Â¢ÃƒÆ’Ã†â€™Ãƒâ€ Ã¢â‚¬â„¢ÃƒÆ’Ã¢â‚¬Â ÃƒÂ¢Ã¢â€šÂ¬Ã¢â€žÂ¢ÃƒÆ’Ã†â€™Ãƒâ€šÃ‚Â¢ÃƒÆ’Ã‚Â¢ÃƒÂ¢Ã¢â€šÂ¬Ã…Â¡Ãƒâ€šÃ‚Â¬ÃƒÆ’Ã¢â‚¬Å¡Ãƒâ€šÃ‚Â ÃƒÆ’Ã†â€™Ãƒâ€ Ã¢â‚¬â„¢ÃƒÆ’Ã¢â‚¬Å¡Ãƒâ€šÃ‚Â¢ÃƒÆ’Ã†â€™Ãƒâ€šÃ‚Â¢ÃƒÆ’Ã‚Â¢ÃƒÂ¢Ã¢â‚¬Å¡Ã‚Â¬Ãƒâ€Â',
  `conditions` int(11) NOT NULL DEFAULT 0 COMMENT '0del-1-notdel',
  `user_id` int(11) NOT NULL,
  PRIMARY KEY (`workstationid`)
) ENGINE=InnoDB DEFAULT CHARSET=utf8mb3 COLLATE=utf8mb3_general_ci;

--
-- Dumping data for table `workstation`
--


--
-- Table structure for table `workstationassets`
--

CREATE TABLE `workstationassets` (
  `workstationassetsId` int(11) NOT NULL AUTO_INCREMENT,
  `workstationid` int(11) NOT NULL,
  `assetsId` varchar(255) NOT NULL,
  `workhours` decimal(10,2) NOT NULL,
  `efficiency` decimal(10,2) NOT NULL,
  PRIMARY KEY (`workstationassetsId`)
) ENGINE=InnoDB DEFAULT CHARSET=utf8mb3 COLLATE=utf8mb3_general_ci;

--
-- Dumping data for table `workstationassets`
--


--
-- Table structure for table `workstationworker`
--

CREATE TABLE `workstationworker` (
  `workstationworkerId` int(11) NOT NULL AUTO_INCREMENT,
  `workstationid` int(11) NOT NULL,
  `employeeId` varchar(255) NOT NULL,
  `workhours` decimal(10,2) NOT NULL,
  `efficiency` decimal(10,2) NOT NULL,
  PRIMARY KEY (`workstationworkerId`)
) ENGINE=InnoDB DEFAULT CHARSET=utf8mb3 COLLATE=utf8mb3_general_ci;

--
-- Dumping data for table `workstationworker`
--


--
-- Table structure for table `youtube_link`
--

CREATE TABLE `youtube_link` (
  `id` int(11) NOT NULL AUTO_INCREMENT,
  `url` varchar(255) NOT NULL,
  `status` int(11) NOT NULL DEFAULT 0,
  PRIMARY KEY (`id`)
) ENGINE=InnoDB AUTO_INCREMENT=290 DEFAULT CHARSET=utf8mb4 COLLATE=utf8mb4_unicode_ci;

--
-- Dumping data for table `youtube_link`
--

INSERT INTO `youtube_link` VALUES
(1,'#1',1),
(2,'#2',1),
(3,'#3',1),
(4,'#4',1),
(5,'#5',1),
(6,'#6',1),
(7,'#7',1),
(8,'#8',1),
(9,'#9',1),
(10,'#10',1),
(11,'#11',1),
(12,'#12',1),
(13,'#13',1),
(14,'#14',1),
(15,'#15',1),
(16,'#16',1),
(17,'#17',1),
(18,'#18',1),
(19,'#19',1),
(20,'#20',1),
(21,'#21',1),
(22,'#22',1),
(23,'#23',1),
(24,'#24',1),
(25,'#25',1),
(26,'#26',1),
(27,'#27',1),
(28,'#28',1),
(29,'#29',1),
(30,'#30',1),
(31,'#31',1),
(32,'#32',1),
(33,'#33',1),
(34,'#34',1),
(35,'#35',1),
(36,'#36',1),
(37,'#37',1),
(38,'#38',1),
(39,'#39',1),
(40,'#40',1),
(41,'#41',1),
(42,'#42',1),
(43,'#43',1),
(44,'#44',1),
(45,'#45',1),
(46,'#46',1),
(47,'#47',1),
(48,'#48',1),
(49,'#49',1),
(50,'#50',1),
(51,'#51',1),
(52,'#52',1),
(53,'#53',1),
(54,'#54',1),
(55,'#55',1),
(56,'#56',1),
(57,'#57',1),
(58,'#58',1),
(59,'#59',1),
(60,'#60',1),
(61,'#61',1),
(62,'#62',1),
(63,'#63',1),
(64,'#64',1),
(65,'#65',1),
(66,'#66',1),
(67,'#67',1),
(68,'#68',1),
(69,'#69',1),
(70,'#70',1),
(71,'#71',1),
(72,'#72',1),
(73,'#73',1),
(74,'#74',1),
(75,'#75',1),
(76,'#76',1),
(77,'#77',1),
(78,'#78',1),
(79,'#79',1),
(80,'#80',1),
(81,'#81',1),
(82,'#82',1),
(83,'#83',1),
(84,'#84',1),
(85,'#85',1),
(86,'#86',1),
(87,'#87',1),
(88,'#88',1),
(89,'#89',1),
(90,'#90',1),
(91,'#91',1),
(92,'#92',1),
(93,'#93',1),
(94,'#94',1),
(95,'#95',1),
(96,'#96',1),
(97,'#97',1),
(98,'#98',1),
(99,'#99',1),
(100,'#100',1),
(101,'#101',1),
(102,'#102',1),
(103,'#103',1),
(104,'#104',1),
(105,'#105',1),
(106,'#106',1),
(107,'#107',1),
(108,'#108',1),
(109,'#109',1),
(110,'#110',1),
(111,'#111',1),
(112,'#112',1),
(113,'#113',1),
(114,'#114',1),
(115,'#115',1),
(116,'#116',1),
(117,'#117',1),
(118,'#118',1),
(119,'#119',1),
(120,'#120',1),
(121,'#121',1),
(122,'#122',1),
(123,'#123',1),
(124,'#124',1),
(125,'#125',1),
(126,'#126',1),
(127,'#127',1),
(128,'#128',1),
(129,'#129',1),
(130,'#130',1),
(131,'#131',1),
(132,'#132',1),
(133,'#133',1),
(134,'#134',1),
(135,'#135',1),
(136,'#136',1),
(137,'#137',1),
(138,'#138',1),
(139,'#139',1),
(140,'#140',1),
(141,'#141',1),
(142,'#142',1),
(143,'#143',1),
(144,'#144',1),
(145,'#145',1),
(146,'#146',1),
(147,'#147',1),
(148,'#148',1),
(149,'#149',1),
(150,'#150',1),
(151,'#151',1),
(152,'#152',1),
(153,'#153',1),
(154,'#154',1),
(155,'#155',1),
(156,'#156',1),
(157,'#157',1),
(158,'#158',1),
(159,'#159',1),
(160,'#160',1),
(161,'#161',1),
(162,'#162',1),
(163,'#163',1),
(164,'#164',1),
(165,'#165',1),
(166,'#166',1),
(167,'#167',1),
(168,'#168',1),
(169,'#169',1),
(170,'#170',1),
(171,'#171',1),
(172,'#172',1),
(173,'#173',1),
(174,'#174',1),
(175,'#175',1),
(176,'#176',1),
(177,'#177',1),
(178,'#178',1),
(179,'#179',1),
(180,'#180',1),
(181,'#181',1),
(182,'#182',1),
(183,'#183',1),
(184,'#184',1),
(185,'#185',1),
(186,'#186',1),
(187,'#187',1),
(188,'#188',1),
(189,'#189',1),
(190,'#190',1),
(191,'#191',1),
(192,'#192',1),
(193,'#193',1),
(194,'#194',1),
(195,'#195',1),
(196,'#196',1),
(197,'#197',1),
(198,'#198',1),
(199,'#199',1),
(200,'#200',1),
(201,'#201',1),
(202,'#202',1),
(203,'#203',1),
(204,'#204',1),
(205,'#205',1),
(206,'#206',1),
(207,'#207',1),
(208,'#208',1),
(209,'#209',1),
(210,'#210',1),
(211,'#211',1),
(212,'#212',1),
(213,'#213',1),
(214,'#214',1),
(215,'#215',1),
(216,'#216',1),
(217,'#217',1),
(218,'#218',1),
(219,'#219',1),
(220,'#220',1),
(221,'#221',1),
(222,'#222',1),
(223,'#223',1),
(224,'#224',1),
(225,'#225',1),
(226,'#226',1),
(227,'#227',1),
(228,'#228',1),
(229,'#229',1),
(230,'#230',1),
(231,'#231',1),
(232,'#232',1),
(233,'#233',1),
(234,'#234',1),
(235,'#235',1),
(236,'#236',1),
(237,'#237',1),
(238,'#238',1),
(239,'#239',1),
(240,'#240',1),
(241,'#241',1),
(242,'#242',1),
(243,'#243',1),
(244,'#244',1),
(245,'#245',1),
(246,'#246',1),
(247,'#247',1),
(248,'#248',1),
(249,'#249',1),
(250,'#250',1),
(251,'#251',1),
(252,'#252',1),
(253,'#253',1),
(254,'#254',1),
(255,'#255',1),
(256,'#256',1),
(257,'#257',1),
(258,'#258',1),
(259,'#259',1),
(260,'#260',1),
(261,'#261',1),
(262,'#262',1),
(263,'#263',1),
(264,'#264',1),
(265,'#265',1),
(266,'#266',1),
(267,'#267',1),
(268,'#268',1),
(269,'#269',1),
(270,'#270',1),
(271,'#271',1),
(272,'#272',1),
(273,'#273',1),
(274,'#274',1),
(275,'#275',1),
(276,'#276',1),
(277,'#277',1),
(278,'#278',1),
(279,'#279',1),
(280,'#280',1),
(281,'#281',1),
(282,'#282',1),
(283,'#283',1),
(284,'#284',1),
(285,'#285',1),
(286,'#286',1),
(287,'#287',1),
(288,'#288',1),
(289,'#289',1);


